CRAN Package Check Results for Package stepR

Last updated on 2025-11-11 15:50:49 CET.

Flavor Version Tinstall Tcheck Ttotal Status Flags
r-devel-linux-x86_64-debian-clang 2.1-10 127.30 280.06 407.36 OK
r-devel-linux-x86_64-debian-gcc 2.1-10 83.83 172.03 255.86 OK
r-devel-linux-x86_64-fedora-clang 2.1-10 277.00 470.01 747.01 OK
r-devel-linux-x86_64-fedora-gcc 2.1-10 253.00 430.19 683.19 OK
r-devel-windows-x86_64 2.1-10 164.00 313.00 477.00 OK
r-patched-linux-x86_64 2.1-10 131.22 265.97 397.19 OK
r-release-linux-x86_64 2.1-10 124.73 265.62 390.35 OK
r-release-macos-arm64 2.1-10 46.00 167.00 213.00 OK
r-release-macos-x86_64 2.1-10 42.00 309.00 351.00 OK
r-release-windows-x86_64 2.1-10 154.00 309.00 463.00 OK
r-oldrel-macos-arm64 2.1-10 49.00 123.00 172.00 NOTE
r-oldrel-macos-x86_64 2.1-10 40.00 265.00 305.00 NOTE
r-oldrel-windows-x86_64 2.1-10 186.00 407.00 593.00 OK

Check Details

Version: 2.1-10
Check: installed package size
Result: NOTE installed size is 6.6Mb sub-directories of 1Mb or more: libs 5.4Mb Flavors: r-oldrel-macos-arm64, r-oldrel-macos-x86_64

These binaries (installable software) and packages are in development.
They may not be fully stable and should be used with caution. We make no claims about them.