Last updated on 2025-02-16 08:51:02 CET.
Flavor | Version | Tinstall | Tcheck | Ttotal | Status | Flags |
---|---|---|---|---|---|---|
r-devel-linux-x86_64-debian-clang | 2.1-10 | 128.79 | 274.08 | 402.87 | OK | |
r-devel-linux-x86_64-debian-gcc | 2.1-10 | 90.22 | 172.19 | 262.41 | OK | |
r-devel-linux-x86_64-fedora-clang | 2.1-10 | 761.23 | OK | |||
r-devel-linux-x86_64-fedora-gcc | 2.1-10 | 724.05 | OK | |||
r-devel-macos-arm64 | 2.1-10 | 178.00 | OK | |||
r-devel-macos-x86_64 | 2.1-10 | 346.00 | OK | |||
r-devel-windows-x86_64 | 2.1-10 | 143.00 | 305.00 | 448.00 | OK | |
r-patched-linux-x86_64 | 2.1-10 | 125.77 | 256.57 | 382.34 | OK | |
r-release-linux-x86_64 | 2.1-10 | 123.87 | 258.44 | 382.31 | OK | |
r-release-macos-arm64 | 2.1-10 | 172.00 | NOTE | |||
r-release-macos-x86_64 | 2.1-10 | 305.00 | NOTE | |||
r-release-windows-x86_64 | 2.1-10 | 141.00 | 313.00 | 454.00 | OK | |
r-oldrel-macos-arm64 | 2.1-10 | 169.00 | NOTE | |||
r-oldrel-macos-x86_64 | 2.1-10 | 271.00 | NOTE | |||
r-oldrel-windows-x86_64 | 2.1-10 | 175.00 | 392.00 | 567.00 | OK |
Version: 2.1-10
Check: installed package size
Result: NOTE
installed size is 6.6Mb
sub-directories of 1Mb or more:
libs 5.4Mb
Flavors: r-release-macos-arm64, r-release-macos-x86_64, r-oldrel-macos-arm64, r-oldrel-macos-x86_64
These binaries (installable software) and packages are in development.
They may not be fully stable and should be used with caution. We make no claims about them.