Last updated on 2025-05-01 12:49:42 CEST.
Flavor | Version | Tinstall | Tcheck | Ttotal | Status | Flags |
---|---|---|---|---|---|---|
r-devel-linux-x86_64-debian-clang | 0.9.6 | 8.57 | 136.15 | 144.72 | NOTE | |
r-devel-linux-x86_64-debian-gcc | 0.9.6 | 5.79 | 91.66 | 97.45 | NOTE | |
r-devel-linux-x86_64-fedora-clang | 0.9.6 | 241.94 | NOTE | |||
r-devel-linux-x86_64-fedora-gcc | 0.9.6 | 228.55 | NOTE | |||
r-devel-windows-x86_64 | 0.9.6 | 10.00 | 165.00 | 175.00 | NOTE | |
r-patched-linux-x86_64 | 0.9.6 | 10.65 | 127.38 | 138.03 | NOTE | |
r-release-linux-x86_64 | NOTE | |||||
r-release-macos-arm64 | 0.9.6 | 78.00 | NOTE | |||
r-release-macos-x86_64 | 0.9.6 | 159.00 | NOTE | |||
r-release-windows-x86_64 | 0.9.6 | 9.00 | 174.00 | 183.00 | NOTE | |
r-oldrel-macos-arm64 | 0.9.6 | 62.00 | NOTE | |||
r-oldrel-macos-x86_64 | 0.9.6 | 106.00 | NOTE | |||
r-oldrel-windows-x86_64 | 0.9.6 | 10.00 | 194.00 | 204.00 | NOTE |
Version: 0.9.6
Check: Rd files
Result: NOTE
checkRd: (-1) docker_config_collection.Rd:11: Lost braces; missing escapes or markup?
11 | \Sexpr[results=rd,stage=render]{stevedore:::generate_help("config")}
| ^
checkRd: (-1) docker_container.Rd:13: Lost braces
13 | \Sexpr[results=rd,stage=render]{stevedore:::generate_help("docker_container")}
| ^
checkRd: (-1) docker_image_collection.Rd:11: Lost braces
11 | \Sexpr[results=rd,stage=render]{stevedore:::generate_help("image")}
| ^
checkRd: (-1) docker_plugin_collection.Rd:11: Lost braces
11 | \Sexpr[results=rd,stage=render]{stevedore:::generate_help("plugin")}
| ^
checkRd: (-1) docker_service_collection.Rd:11: Lost braces
11 | \Sexpr[results=rd,stage=render]{stevedore:::generate_help("service")}
| ^
checkRd: (-1) docker_task.Rd:13: Lost braces
13 | \Sexpr[results=rd,stage=render]{stevedore:::generate_help("docker_task")}
| ^
Flavors: r-devel-linux-x86_64-debian-clang, r-devel-linux-x86_64-debian-gcc, r-devel-linux-x86_64-fedora-clang, r-devel-linux-x86_64-fedora-gcc, r-devel-windows-x86_64, r-patched-linux-x86_64, r-release-linux-x86_64, r-release-macos-arm64, r-release-macos-x86_64, r-release-windows-x86_64, r-oldrel-macos-arm64, r-oldrel-macos-x86_64, r-oldrel-windows-x86_64
These binaries (installable software) and packages are in development.
They may not be fully stable and should be used with caution. We make no claims about them.