Last updated on 2025-10-23 17:51:04 CEST.
Flavor | Version | Tinstall | Tcheck | Ttotal | Status | Flags |
---|---|---|---|---|---|---|
r-devel-linux-x86_64-debian-clang | 0.9.6 | 6.33 | 139.78 | 146.11 | NOTE | |
r-devel-linux-x86_64-debian-gcc | 0.9.6 | 5.13 | 92.09 | 97.22 | NOTE | |
r-devel-linux-x86_64-fedora-clang | 0.9.6 | 15.00 | 208.01 | 223.01 | NOTE | |
r-devel-linux-x86_64-fedora-gcc | 0.9.6 | 15.00 | 213.79 | 228.79 | NOTE | |
r-devel-windows-x86_64 | 0.9.6 | 8.00 | 162.00 | 170.00 | NOTE | |
r-patched-linux-x86_64 | 0.9.6 | 8.94 | 132.04 | 140.98 | NOTE | |
r-release-linux-x86_64 | 0.9.6 | 6.72 | 131.05 | 137.77 | NOTE | |
r-release-macos-arm64 | 0.9.6 | 3.00 | 75.00 | 78.00 | NOTE | |
r-release-macos-x86_64 | 0.9.6 | 5.00 | 154.00 | 159.00 | NOTE | |
r-release-windows-x86_64 | 0.9.6 | 10.00 | 165.00 | 175.00 | NOTE | |
r-oldrel-macos-arm64 | 0.9.6 | 3.00 | 59.00 | 62.00 | NOTE | |
r-oldrel-macos-x86_64 | 0.9.6 | 7.00 | 99.00 | 106.00 | NOTE | |
r-oldrel-windows-x86_64 | 0.9.6 | 12.00 | 192.00 | 204.00 | NOTE |
Version: 0.9.6
Check: Rd files
Result: NOTE
checkRd: (-1) docker_config_collection.Rd:11: Lost braces; missing escapes or markup?
11 | \Sexpr[results=rd,stage=render]{stevedore:::generate_help("config")}
| ^
checkRd: (-1) docker_container.Rd:13: Lost braces
13 | \Sexpr[results=rd,stage=render]{stevedore:::generate_help("docker_container")}
| ^
checkRd: (-1) docker_image_collection.Rd:11: Lost braces
11 | \Sexpr[results=rd,stage=render]{stevedore:::generate_help("image")}
| ^
checkRd: (-1) docker_plugin_collection.Rd:11: Lost braces
11 | \Sexpr[results=rd,stage=render]{stevedore:::generate_help("plugin")}
| ^
checkRd: (-1) docker_service_collection.Rd:11: Lost braces
11 | \Sexpr[results=rd,stage=render]{stevedore:::generate_help("service")}
| ^
checkRd: (-1) docker_task.Rd:13: Lost braces
13 | \Sexpr[results=rd,stage=render]{stevedore:::generate_help("docker_task")}
| ^
Flavors: r-devel-linux-x86_64-debian-clang, r-devel-linux-x86_64-debian-gcc, r-devel-linux-x86_64-fedora-clang, r-devel-linux-x86_64-fedora-gcc, r-devel-windows-x86_64, r-patched-linux-x86_64, r-release-linux-x86_64, r-release-macos-arm64, r-release-macos-x86_64, r-release-windows-x86_64, r-oldrel-macos-arm64, r-oldrel-macos-x86_64, r-oldrel-windows-x86_64
Version: 0.9.6
Check: HTML version of manual
Result: NOTE
Found the following HTML validation problems:
docker_swarm_collection.html:163:1 (docker_swarm_collection.Rd:11): Warning: missing </ul> before </div>
docker_types.html:298:1 (docker_types.Rd:28): Warning: missing </ul> before </div>
Flavor: r-devel-linux-x86_64-debian-clang
These binaries (installable software) and packages are in development.
They may not be fully stable and should be used with caution. We make no claims about them.