CRAN Package Check Results for Package stevethemes

Last updated on 2025-05-01 12:49:42 CEST.

Flavor Version Tinstall Tcheck Ttotal Status Flags
r-devel-linux-x86_64-debian-clang 0.1.0 5.35 51.56 56.91 NOTE
r-devel-linux-x86_64-debian-gcc 0.1.0 3.94 36.97 40.91 OK
r-devel-linux-x86_64-fedora-clang 0.1.0 92.39 OK
r-devel-linux-x86_64-fedora-gcc 0.1.0 73.67 OK
r-devel-windows-x86_64 0.1.0 7.00 69.00 76.00 OK
r-patched-linux-x86_64 0.1.0 4.72 46.95 51.67 OK
r-release-linux-x86_64 OK
r-release-macos-arm64 0.1.0 28.00 OK
r-release-macos-x86_64 0.1.0 48.00 OK
r-release-windows-x86_64 0.1.0 8.00 74.00 82.00 OK
r-oldrel-macos-arm64 0.1.0 26.00 OK
r-oldrel-macos-x86_64 0.1.0 46.00 OK
r-oldrel-windows-x86_64 0.1.0 8.00 80.00 88.00 OK

Check Details

Version: 0.1.0
Check: examples
Result: NOTE Examples with CPU (user + system) or elapsed time > 5s user system elapsed example_plot 4.472 0.198 6.268 Flavor: r-devel-linux-x86_64-debian-clang

These binaries (installable software) and packages are in development.
They may not be fully stable and should be used with caution. We make no claims about them.