Last updated on 2025-10-24 17:50:55 CEST.
| Flavor | Version | Tinstall | Tcheck | Ttotal | Status | Flags |
|---|---|---|---|---|---|---|
| r-devel-linux-x86_64-debian-clang | 0.5.6.1 | 1.60 | 27.59 | 29.19 | OK | |
| r-devel-linux-x86_64-debian-gcc | 0.5.6.1 | 1.29 | 22.91 | 24.20 | OK | |
| r-devel-linux-x86_64-fedora-clang | 0.5.6.1 | 44.36 | OK | |||
| r-devel-linux-x86_64-fedora-gcc | 0.5.6.1 | 56.04 | OK | |||
| r-devel-windows-x86_64 | 0.5.6.1 | 3.00 | 46.00 | 49.00 | OK | |
| r-patched-linux-x86_64 | 0.5.6.1 | 1.53 | 25.88 | 27.41 | OK | |
| r-release-linux-x86_64 | 0.5.6.1 | 1.47 | 26.24 | 27.71 | OK | |
| r-release-macos-arm64 | 0.5.6.1 | 1.00 | 23.00 | 24.00 | OK | |
| r-release-macos-x86_64 | 0.5.6.1 | 2.00 | 40.00 | 42.00 | OK | |
| r-release-windows-x86_64 | 0.5.6.1 | 3.00 | 49.00 | 52.00 | OK | |
| r-oldrel-macos-arm64 | 0.5.6.1 | 1.00 | 27.00 | 28.00 | NOTE | |
| r-oldrel-macos-x86_64 | 0.5.6.1 | 2.00 | 51.00 | 53.00 | NOTE | |
| r-oldrel-windows-x86_64 | 0.5.6.1 | 4.00 | 57.00 | 61.00 | NOTE |
Version: 0.5.6.1
Check: LazyData
Result: NOTE
'LazyData' is specified without a 'data' directory
Flavors: r-oldrel-macos-arm64, r-oldrel-macos-x86_64, r-oldrel-windows-x86_64
These binaries (installable software) and packages are in development.
They may not be fully stable and should be used with caution. We make no claims about them.