CRAN Package Check Results for Package sticky

Last updated on 2025-11-13 21:50:10 CET.

Flavor Version Tinstall Tcheck Ttotal Status Flags
r-devel-linux-x86_64-debian-clang 0.5.6.1 1.52 27.44 28.96 OK
r-devel-linux-x86_64-debian-gcc 0.5.6.1 1.26 22.66 23.92 OK
r-devel-linux-x86_64-fedora-clang 0.5.6.1 44.55 OK
r-devel-linux-x86_64-fedora-gcc 0.5.6.1 55.37 OK
r-devel-windows-x86_64 0.5.6.1 2.00 46.00 48.00 OK
r-patched-linux-x86_64 0.5.6.1 1.58 25.82 27.40 OK
r-release-linux-x86_64 0.5.6.1 1.63 26.04 27.67 OK
r-release-macos-arm64 0.5.6.1 1.00 23.00 24.00 OK
r-release-macos-x86_64 0.5.6.1 2.00 40.00 42.00 OK
r-release-windows-x86_64 0.5.6.1 3.00 46.00 49.00 OK
r-oldrel-macos-arm64 0.5.6.1 1.00 27.00 28.00 NOTE
r-oldrel-macos-x86_64 0.5.6.1 2.00 51.00 53.00 NOTE
r-oldrel-windows-x86_64 0.5.6.1 4.00 54.00 58.00 NOTE

Check Details

Version: 0.5.6.1
Check: LazyData
Result: NOTE 'LazyData' is specified without a 'data' directory Flavors: r-oldrel-macos-arm64, r-oldrel-macos-x86_64, r-oldrel-windows-x86_64

These binaries (installable software) and packages are in development.
They may not be fully stable and should be used with caution. We make no claims about them.