CRAN Package Check Results for Package sticky

Last updated on 2025-05-08 04:52:20 CEST.

Flavor Version Tinstall Tcheck Ttotal Status Flags
r-devel-linux-x86_64-debian-clang 0.5.6.1 1.64 26.29 27.93 OK
r-devel-linux-x86_64-debian-gcc 0.5.6.1 1.37 21.12 22.49 OK
r-devel-linux-x86_64-fedora-clang 0.5.6.1 44.24 OK
r-devel-linux-x86_64-fedora-gcc 0.5.6.1 55.61 OK
r-devel-windows-x86_64 0.5.6.1 2.00 48.00 50.00 OK
r-patched-linux-x86_64 0.5.6.1 1.71 24.83 26.54 OK
r-release-linux-x86_64 0.5.6.1 1.64 24.92 26.56 OK
r-release-macos-arm64 0.5.6.1 24.00 OK
r-release-macos-x86_64 0.5.6.1 42.00 OK
r-release-windows-x86_64 0.5.6.1 3.00 48.00 51.00 OK
r-oldrel-macos-arm64 0.5.6.1 28.00 NOTE
r-oldrel-macos-x86_64 0.5.6.1 53.00 NOTE
r-oldrel-windows-x86_64 0.5.6.1 3.00 56.00 59.00 NOTE

Check Details

Version: 0.5.6.1
Check: LazyData
Result: NOTE 'LazyData' is specified without a 'data' directory Flavors: r-oldrel-macos-arm64, r-oldrel-macos-x86_64, r-oldrel-windows-x86_64

These binaries (installable software) and packages are in development.
They may not be fully stable and should be used with caution. We make no claims about them.