CRAN Package Check Results for Package stlplus

Last updated on 2025-10-03 03:50:59 CEST.

Flavor Version Tinstall Tcheck Ttotal Status Flags
r-devel-linux-x86_64-debian-clang 0.5.1 20.09 36.88 56.97 OK
r-devel-linux-x86_64-debian-gcc 0.5.1 12.59 28.71 41.30 OK
r-devel-linux-x86_64-fedora-clang 0.5.1 91.77 NOTE
r-devel-linux-x86_64-fedora-gcc 0.5.1 82.09 NOTE
r-devel-windows-x86_64 0.5.1 24.00 67.00 91.00 OK
r-patched-linux-x86_64 0.5.1 19.20 34.15 53.35 OK
r-release-linux-x86_64 0.5.1 18.41 34.62 53.03 OK
r-release-macos-arm64 0.5.1 27.00 OK
r-release-macos-x86_64 0.5.1 61.00 OK
r-release-windows-x86_64 0.5.1 24.00 70.00 94.00 OK
r-oldrel-macos-arm64 0.5.1 32.00 NOTE
r-oldrel-macos-x86_64 0.5.1 63.00 NOTE
r-oldrel-windows-x86_64 0.5.1 28.00 82.00 110.00 NOTE

Check Details

Version: 0.5.1
Check: compiled code
Result: NOTE File ‘stlplus/libs/stlplus.so’: Found no calls to: ‘R_registerRoutines’, ‘R_useDynamicSymbols’ It is good practice to register native routines and to disable symbol search. See ‘Writing portable packages’ in the ‘Writing R Extensions’ manual. Flavors: r-devel-linux-x86_64-fedora-clang, r-devel-linux-x86_64-fedora-gcc

Version: 0.5.1
Check: LazyData
Result: NOTE 'LazyData' is specified without a 'data' directory Flavors: r-oldrel-macos-arm64, r-oldrel-macos-x86_64, r-oldrel-windows-x86_64

These binaries (installable software) and packages are in development.
They may not be fully stable and should be used with caution. We make no claims about them.