Last updated on 2025-10-23 11:50:29 CEST.
Flavor | Version | Tinstall | Tcheck | Ttotal | Status | Flags |
---|---|---|---|---|---|---|
r-devel-linux-x86_64-debian-clang | 1.3.8 | 36.58 | 233.95 | 270.53 | OK | |
r-devel-linux-x86_64-debian-gcc | 1.3.8 | 23.49 | 154.08 | 177.57 | OK | |
r-devel-linux-x86_64-fedora-clang | 1.3.8 | 80.00 | 349.92 | 429.92 | OK | |
r-devel-linux-x86_64-fedora-gcc | 1.3.8 | 71.00 | 353.40 | 424.40 | OK | |
r-devel-windows-x86_64 | 1.3.8 | 43.00 | 278.00 | 321.00 | OK | |
r-patched-linux-x86_64 | 1.3.8 | 35.28 | 220.02 | 255.30 | OK | |
r-release-linux-x86_64 | 1.3.8 | 32.27 | 222.23 | 254.50 | OK | |
r-release-macos-arm64 | 1.3.8 | 14.00 | 108.00 | 122.00 | OK | |
r-release-macos-x86_64 | 1.3.8 | 28.00 | 265.00 | 293.00 | OK | |
r-release-windows-x86_64 | 1.3.8 | 41.00 | 279.00 | 320.00 | OK | |
r-oldrel-macos-arm64 | 1.3.8 | 14.00 | 120.00 | 134.00 | NOTE | |
r-oldrel-macos-x86_64 | 1.3.8 | 28.00 | 243.00 | 271.00 | NOTE | |
r-oldrel-windows-x86_64 | 1.3.8 | 51.00 | 346.00 | 397.00 | OK |
Version: 1.3.8
Check: installed package size
Result: NOTE
installed size is 5.3Mb
sub-directories of 1Mb or more:
data 1.7Mb
libs 2.5Mb
Flavors: r-oldrel-macos-arm64, r-oldrel-macos-x86_64
These binaries (installable software) and packages are in development.
They may not be fully stable and should be used with caution. We make no claims about them.