CRAN Package Check Results for Package stm

Last updated on 2025-02-16 08:51:02 CET.

Flavor Version Tinstall Tcheck Ttotal Status Flags
r-devel-linux-x86_64-debian-clang 1.3.7 34.69 222.71 257.40 NOTE
r-devel-linux-x86_64-debian-gcc 1.3.7 24.77 147.48 172.25 NOTE
r-devel-linux-x86_64-fedora-clang 1.3.7 457.38 OK
r-devel-linux-x86_64-fedora-gcc 1.3.7 434.29 OK
r-devel-macos-arm64 1.3.7 126.00 OK
r-devel-macos-x86_64 1.3.7 265.00 OK
r-devel-windows-x86_64 1.3.7 37.00 287.00 324.00 NOTE
r-patched-linux-x86_64 1.3.7 38.48 213.44 251.92 OK
r-release-linux-x86_64 1.3.7 32.48 212.85 245.33 OK
r-release-macos-arm64 1.3.7 124.00 NOTE
r-release-macos-x86_64 1.3.7 196.00 NOTE
r-release-windows-x86_64 1.3.7 39.00 289.00 328.00 OK
r-oldrel-macos-arm64 1.3.7 141.00 NOTE
r-oldrel-macos-x86_64 1.3.7 346.00 NOTE
r-oldrel-windows-x86_64 1.3.7 49.00 336.00 385.00 ERROR

Check Details

Version: 1.3.7
Check: Rd cross-references
Result: NOTE Found the following Rd file(s) with Rd \link{} targets missing package anchors: labelTopics.Rd: lda topicLasso.Rd: glmnet, cv.glmnet Please provide package anchors for all Rd \link{} targets not in the package itself and the base packages. Flavors: r-devel-linux-x86_64-debian-clang, r-devel-linux-x86_64-debian-gcc, r-devel-windows-x86_64

Version: 1.3.7
Check: installed package size
Result: NOTE installed size is 5.3Mb sub-directories of 1Mb or more: data 1.7Mb libs 2.4Mb Flavors: r-release-macos-arm64, r-release-macos-x86_64, r-oldrel-macos-arm64, r-oldrel-macos-x86_64

Version: 1.3.7
Check: re-building of vignette outputs
Result: ERROR Error(s) in re-building vignettes: --- re-building 'stmVignette.Rnw' using Sweave stm v1.3.7 successfully loaded. See ?stm for help. Papers, resources, and other materials at structuraltopicmodel.com Warning in load(url("https://github.com/bstewart/stm/blob/gh-pages/files/VignetteObjects.RData?raw=true")) : URL 'https://raw.githubusercontent.com/bstewart/stm/refs/heads/gh-pages/files/VignetteObjects.RData': Timeout of 60 seconds was reached Error: processing vignette 'stmVignette.Rnw' failed with diagnostics: chunk 7 Error in load(url("https://github.com/bstewart/stm/blob/gh-pages/files/VignetteObjects.RData?raw=true")) : cannot read from connection --- failed re-building 'stmVignette.Rnw' SUMMARY: processing the following file failed: 'stmVignette.Rnw' Error: Vignette re-building failed. Execution halted Flavor: r-oldrel-windows-x86_64

These binaries (installable software) and packages are in development.
They may not be fully stable and should be used with caution. We make no claims about them.