CRAN Package Check Results for Package stminsights

Last updated on 2025-10-23 11:50:29 CEST.

Flavor Version Tinstall Tcheck Ttotal Status Flags
r-devel-linux-x86_64-debian-clang 0.4.3 13.70 124.88 138.58 NOTE
r-devel-linux-x86_64-debian-gcc 0.4.3 9.53 87.16 96.69 NOTE
r-devel-linux-x86_64-fedora-clang 0.4.3 30.00 180.96 210.96 NOTE
r-devel-linux-x86_64-fedora-gcc 0.4.3 27.00 182.94 209.94 NOTE
r-devel-windows-x86_64 0.4.3 15.00 117.00 132.00 NOTE
r-patched-linux-x86_64 0.4.3 13.90 114.84 128.74 NOTE
r-release-linux-x86_64 0.4.3 11.93 112.64 124.57 NOTE
r-release-macos-arm64 0.4.3 5.00 51.00 56.00 NOTE
r-release-macos-x86_64 0.4.3 10.00 93.00 103.00 NOTE
r-release-windows-x86_64 0.4.3 14.00 117.00 131.00 NOTE
r-oldrel-macos-arm64 0.4.3 6.00 53.00 59.00 OK
r-oldrel-macos-x86_64 0.4.3 17.00 155.00 172.00 OK
r-oldrel-windows-x86_64 0.4.3 19.00 150.00 169.00 OK

Check Details

Version: 0.4.3
Check: DESCRIPTION meta-information
Result: NOTE Missing dependency on R >= 4.1.0 because package code uses the pipe |> or function shorthand \(...) syntax added in R 4.1.0. File(s) using such syntax: ‘get_diag.Rd’ ‘get_effects.Rd’ ‘get_network.Rd’ ‘stm_diag.R’ ‘stm_effects.R’ ‘stm_network.R’ Flavors: r-devel-linux-x86_64-debian-clang, r-devel-linux-x86_64-debian-gcc, r-devel-linux-x86_64-fedora-clang, r-devel-linux-x86_64-fedora-gcc, r-devel-windows-x86_64, r-patched-linux-x86_64, r-release-linux-x86_64, r-release-macos-arm64, r-release-windows-x86_64

Version: 0.4.3
Check: DESCRIPTION meta-information
Result: NOTE Missing dependency on R >= 4.1.0 because package code uses the pipe |> or function shorthand \(...) syntax added in R 4.1.0. File(s) using such syntax: ‘stm_diag.R’ ‘stm_effects.R’ ‘stm_network.R’ Flavor: r-release-macos-x86_64

These binaries (installable software) and packages are in development.
They may not be fully stable and should be used with caution. We make no claims about them.