CRAN Package Check Results for Package stocc

Last updated on 2025-07-01 11:49:32 CEST.

Flavor Version Tinstall Tcheck Ttotal Status Flags
r-devel-linux-x86_64-debian-clang 1.31 8.58 74.10 82.68 NOTE
r-devel-linux-x86_64-debian-gcc 1.31 6.51 53.58 60.09 NOTE
r-devel-linux-x86_64-fedora-clang 1.31 122.74 OK
r-devel-linux-x86_64-fedora-gcc 1.31 118.48 OK
r-devel-windows-x86_64 1.31 9.00 81.00 90.00 OK
r-patched-linux-x86_64 OK
r-release-linux-x86_64 1.31 8.93 70.19 79.12 OK
r-release-macos-arm64 1.31 42.00 OK
r-release-macos-x86_64 1.31 76.00 OK
r-release-windows-x86_64 1.31 10.00 81.00 91.00 OK
r-oldrel-macos-arm64 1.31 38.00 OK
r-oldrel-macos-x86_64 1.31 57.00 OK
r-oldrel-windows-x86_64 1.31 13.00 99.00 112.00 OK

Check Details

Version: 1.31
Check: CRAN incoming feasibility
Result: NOTE Maintainer: ‘Devin S. Johnson <devin.johnson@noaa.gov>’ No Authors@R field in DESCRIPTION. Please add one, modifying Authors@R: person(given = c("Devin", "S."), family = "Johnson", role = c("aut", "cre"), email = "devin.johnson@noaa.gov") as necessary. Flavors: r-devel-linux-x86_64-debian-clang, r-devel-linux-x86_64-debian-gcc

These binaries (installable software) and packages are in development.
They may not be fully stable and should be used with caution. We make no claims about them.