Last updated on 2025-02-19 17:51:06 CET.
Flavor | Version | Tinstall | Tcheck | Ttotal | Status | Flags |
---|---|---|---|---|---|---|
r-devel-linux-x86_64-debian-clang | 1.1.2 | 13.97 | 122.95 | 136.92 | OK | |
r-devel-linux-x86_64-debian-gcc | 1.1.2 | 8.72 | 83.32 | 92.04 | OK | |
r-devel-linux-x86_64-fedora-clang | 1.1.2 | 230.46 | OK | |||
r-devel-linux-x86_64-fedora-gcc | 1.1.2 | 222.27 | OK | |||
r-devel-macos-arm64 | 1.1.2 | 70.00 | OK | |||
r-devel-macos-x86_64 | 1.1.2 | 139.00 | OK | |||
r-devel-windows-x86_64 | 1.1.2 | 14.00 | 130.00 | 144.00 | OK | |
r-patched-linux-x86_64 | 1.1.2 | 14.36 | 113.42 | 127.78 | OK | |
r-release-linux-x86_64 | 1.1.2 | 12.16 | 112.26 | 124.42 | OK | |
r-release-macos-arm64 | 1.1.2 | 67.00 | NOTE | |||
r-release-macos-x86_64 | 1.1.2 | 107.00 | NOTE | |||
r-release-windows-x86_64 | 1.1.2 | 16.00 | 135.00 | 151.00 | NOTE | |
r-oldrel-macos-arm64 | 1.1.2 | 68.00 | NOTE | |||
r-oldrel-macos-x86_64 | 1.1.2 | 107.00 | NOTE | |||
r-oldrel-windows-x86_64 | 1.1.2 | 20.00 | 182.00 | 202.00 | NOTE |
Version: 1.1.2
Check: installed package size
Result: NOTE
installed size is 7.8Mb
sub-directories of 1Mb or more:
data 7.3Mb
Flavors: r-release-macos-arm64, r-release-macos-x86_64, r-release-windows-x86_64, r-oldrel-macos-arm64, r-oldrel-macos-x86_64, r-oldrel-windows-x86_64
These binaries (installable software) and packages are in development.
They may not be fully stable and should be used with caution. We make no claims about them.