Last updated on 2025-05-28 21:50:24 CEST.
Flavor | Version | Tinstall | Tcheck | Ttotal | Status | Flags |
---|---|---|---|---|---|---|
r-devel-linux-x86_64-debian-clang | 1.1.2 | 13.98 | 124.77 | 138.75 | NOTE | |
r-devel-linux-x86_64-debian-gcc | 1.1.2 | 9.80 | 87.06 | 96.86 | NOTE | |
r-devel-linux-x86_64-fedora-clang | 1.1.2 | 221.67 | OK | |||
r-devel-linux-x86_64-fedora-gcc | 1.1.2 | 217.60 | OK | |||
r-devel-windows-x86_64 | 1.1.2 | 15.00 | 131.00 | 146.00 | OK | |
r-patched-linux-x86_64 | 1.1.2 | 13.13 | 116.42 | 129.55 | OK | |
r-release-linux-x86_64 | 1.1.2 | 14.35 | 116.06 | 130.41 | OK | |
r-release-macos-arm64 | 1.1.2 | 64.00 | OK | |||
r-release-macos-x86_64 | 1.1.2 | 139.00 | OK | |||
r-release-windows-x86_64 | 1.1.2 | 17.00 | 133.00 | 150.00 | OK | |
r-oldrel-macos-arm64 | 1.1.2 | 67.00 | NOTE | |||
r-oldrel-macos-x86_64 | 1.1.2 | 107.00 | NOTE | |||
r-oldrel-windows-x86_64 | 1.1.2 | 20.00 | 178.00 | 198.00 | NOTE |
Version: 1.1.2
Check: CRAN incoming feasibility
Result: NOTE
Maintainer: ‘Grant Humphries <grwhumphries@blackbawks.net>’
Package CITATION file contains call(s) to old-style personList() or
as.personList(). Please use c() on person objects instead.
Package CITATION file contains call(s) to old-style citEntry(). Please
use bibentry() instead.
Flavors: r-devel-linux-x86_64-debian-clang, r-devel-linux-x86_64-debian-gcc
Version: 1.1.2
Check: DESCRIPTION meta-information
Result: NOTE
Author field differs from that derived from Authors@R
Author: ‘Grant Humphries [aut, cre] (<https://orcid.org/0000-0001-5783-9892>), Bruno Caneco [aut], Aonghais Cook [aut], Elizabeth Masden [aut], Marine Scotland [fnd, cph], HiDef [cph], DMPstats [cph], Kelly Street [rev] (@kstreet13)’
Authors@R: ‘Grant Humphries [aut, cre] (ORCID: <https://orcid.org/0000-0001-5783-9892>), Bruno Caneco [aut], Aonghais Cook [aut], Elizabeth Masden [aut], Marine Scotland [fnd, cph], HiDef [cph], DMPstats [cph], Kelly Street [rev] (GITHUB: @kstreet13)’
Flavors: r-devel-linux-x86_64-debian-clang, r-devel-linux-x86_64-debian-gcc
Version: 1.1.2
Check: installed package size
Result: NOTE
installed size is 7.8Mb
sub-directories of 1Mb or more:
data 7.3Mb
Flavors: r-oldrel-macos-arm64, r-oldrel-macos-x86_64, r-oldrel-windows-x86_64
These binaries (installable software) and packages are in development.
They may not be fully stable and should be used with caution. We make no claims about them.