Last updated on 2024-07-27 15:50:35 CEST.
Flavor | Version | Tinstall | Tcheck | Ttotal | Status | Flags |
---|---|---|---|---|---|---|
r-devel-linux-x86_64-debian-clang | 3.2.4 | 119.68 | 170.60 | 290.28 | OK | |
r-devel-linux-x86_64-debian-gcc | 3.2.4 | NOTE | ||||
r-devel-linux-x86_64-fedora-clang | 3.2.4 | 461.53 | OK | |||
r-devel-linux-x86_64-fedora-gcc | 3.2.4 | 431.13 | OK | |||
r-devel-windows-x86_64 | 3.2.4 | 100.00 | 222.00 | 322.00 | NOTE | |
r-patched-linux-x86_64 | 3.2.4 | OK | ||||
r-release-linux-x86_64 | 3.2.4 | 113.36 | 163.58 | 276.94 | OK | |
r-release-macos-arm64 | 3.2.4 | 110.00 | NOTE | |||
r-release-macos-x86_64 | 3.2.4 | 174.00 | NOTE | |||
r-release-windows-x86_64 | 3.2.4 | 122.00 | 222.00 | 344.00 | OK | |
r-oldrel-macos-arm64 | 3.2.4 | 118.00 | NOTE | |||
r-oldrel-macos-x86_64 | 3.2.4 | 247.00 | NOTE | |||
r-oldrel-windows-x86_64 | 3.2.4 | 114.00 | 244.00 | 358.00 | OK |
Version: 3.2.4
Check: Rd cross-references
Result: NOTE
Found the following Rd file(s) with Rd \link{} targets missing package
anchors:
svlm.Rd: traceplot, densplot
svsample.Rd: traceplot, densplot
updatesummary.Rd: traceplot, densplot
Please provide package anchors for all Rd \link{} targets not in the
package itself and the base packages.
Flavors: r-devel-linux-x86_64-debian-gcc, r-devel-windows-x86_64
Version: 3.2.4
Check: installed package size
Result: NOTE
installed size is 9.2Mb
sub-directories of 1Mb or more:
doc 1.9Mb
libs 6.4Mb
Flavors: r-release-macos-arm64, r-release-macos-x86_64, r-oldrel-macos-arm64, r-oldrel-macos-x86_64
These binaries (installable software) and packages are in development.
They may not be fully stable and should be used with caution. We make no claims about them.