Last updated on 2025-05-02 02:51:09 CEST.
Flavor | Version | Tinstall | Tcheck | Ttotal | Status | Flags |
---|---|---|---|---|---|---|
r-devel-linux-x86_64-debian-clang | 3.2.5 | 98.02 | 136.71 | 234.73 | OK | |
r-devel-linux-x86_64-debian-gcc | 3.2.5 | 66.35 | 108.11 | 174.46 | OK | |
r-devel-linux-x86_64-fedora-clang | 3.2.5 | 410.67 | OK | |||
r-devel-linux-x86_64-fedora-gcc | 3.2.5 | 405.97 | OK | |||
r-devel-windows-x86_64 | 3.2.5 | 108.00 | 224.00 | 332.00 | OK | |
r-patched-linux-x86_64 | 3.2.5 | 99.86 | 133.33 | 233.19 | OK | |
r-release-linux-x86_64 | OK | |||||
r-release-macos-arm64 | 3.2.5 | 130.00 | OK | |||
r-release-macos-x86_64 | 3.2.5 | 191.00 | OK | |||
r-release-windows-x86_64 | 3.2.5 | 108.00 | 252.00 | 360.00 | OK | |
r-oldrel-macos-arm64 | 3.2.5 | 108.00 | NOTE | |||
r-oldrel-macos-x86_64 | 3.2.5 | 232.00 | NOTE | |||
r-oldrel-windows-x86_64 | 3.2.5 | 122.00 | 265.00 | 387.00 | OK |
Version: 3.2.5
Check: installed package size
Result: NOTE
installed size is 9.8Mb
sub-directories of 1Mb or more:
doc 1.9Mb
libs 6.9Mb
Flavors: r-oldrel-macos-arm64, r-oldrel-macos-x86_64
These binaries (installable software) and packages are in development.
They may not be fully stable and should be used with caution. We make no claims about them.