CRAN Package Check Results for Package stochvol

Last updated on 2025-07-27 03:50:23 CEST.

Flavor Version Tinstall Tcheck Ttotal Status Flags
r-devel-linux-x86_64-debian-clang 3.2.5 100.61 134.31 234.92 OK
r-devel-linux-x86_64-debian-gcc 3.2.5 69.63 108.52 178.15 OK
r-devel-linux-x86_64-fedora-clang 3.2.5 387.37 OK
r-devel-linux-x86_64-fedora-gcc 3.2.5 386.42 OK
r-devel-windows-x86_64 3.2.5 107.00 241.00 348.00 OK
r-patched-linux-x86_64 3.2.5 99.84 129.95 229.79 OK
r-release-linux-x86_64 3.2.5 94.89 129.86 224.75 OK
r-release-macos-arm64 3.2.5 130.00 OK
r-release-macos-x86_64 3.2.5 191.00 OK
r-release-windows-x86_64 3.2.5 103.00 227.00 330.00 OK
r-oldrel-macos-arm64 3.2.5 108.00 NOTE
r-oldrel-macos-x86_64 3.2.5 232.00 NOTE
r-oldrel-windows-x86_64 3.2.5 127.00 257.00 384.00 OK

Check Details

Version: 3.2.5
Check: installed package size
Result: NOTE installed size is 9.8Mb sub-directories of 1Mb or more: doc 1.9Mb libs 6.9Mb Flavors: r-oldrel-macos-arm64, r-oldrel-macos-x86_64

These binaries (installable software) and packages are in development.
They may not be fully stable and should be used with caution. We make no claims about them.