Last updated on 2025-05-01 12:49:42 CEST.
Flavor | Version | Tinstall | Tcheck | Ttotal | Status | Flags |
---|---|---|---|---|---|---|
r-devel-linux-x86_64-debian-clang | 0.3.0 | 28.58 | 136.19 | 164.77 | OK | |
r-devel-linux-x86_64-debian-gcc | 0.3.0 | 28.89 | 113.34 | 142.23 | OK | |
r-devel-linux-x86_64-fedora-clang | 0.3.0 | 278.07 | OK | |||
r-devel-linux-x86_64-fedora-gcc | 0.3.0 | 307.68 | OK | |||
r-devel-windows-x86_64 | 0.3.0 | 72.00 | 115.00 | 187.00 | OK | |
r-patched-linux-x86_64 | 0.3.0 | 37.45 | 139.79 | 177.24 | OK | |
r-release-linux-x86_64 | OK | |||||
r-release-macos-arm64 | 0.3.0 | 93.00 | OK | |||
r-release-macos-x86_64 | 0.3.0 | 173.00 | OK | |||
r-release-windows-x86_64 | 0.3.0 | 75.00 | 124.00 | 199.00 | OK | |
r-oldrel-macos-arm64 | 0.3.0 | 93.00 | NOTE | |||
r-oldrel-macos-x86_64 | 0.3.0 | 162.00 | NOTE | |||
r-oldrel-windows-x86_64 | 0.3.0 | 83.00 | 123.00 | 206.00 | NOTE |
Version: 0.3.0
Check: installed package size
Result: NOTE
installed size is 47.5Mb
sub-directories of 1Mb or more:
joss_paper 1.2Mb
libs 45.5Mb
Flavors: r-oldrel-macos-arm64, r-oldrel-macos-x86_64, r-oldrel-windows-x86_64
These binaries (installable software) and packages are in development.
They may not be fully stable and should be used with caution. We make no claims about them.