Last updated on 2025-10-23 17:51:04 CEST.
| Flavor | Version | Tinstall | Tcheck | Ttotal | Status | Flags |
|---|---|---|---|---|---|---|
| r-devel-linux-x86_64-debian-clang | 2.3 | 1.91 | 24.32 | 26.23 | NOTE | |
| r-devel-linux-x86_64-debian-gcc | 2.3 | 1.58 | 19.95 | 21.53 | OK | |
| r-devel-linux-x86_64-fedora-clang | 2.3 | 36.40 | OK | |||
| r-devel-linux-x86_64-fedora-gcc | 2.3 | 35.83 | OK | |||
| r-devel-windows-x86_64 | 2.3 | 5.00 | 43.00 | 48.00 | OK | |
| r-patched-linux-x86_64 | 2.3 | 2.15 | 21.72 | 23.87 | OK | |
| r-release-linux-x86_64 | 2.3 | 1.60 | 21.74 | 23.34 | OK | |
| r-release-macos-arm64 | 2.3 | 1.00 | 17.00 | 18.00 | OK | |
| r-release-macos-x86_64 | 2.3 | 2.00 | 25.00 | 27.00 | OK | |
| r-release-windows-x86_64 | 2.3 | 5.00 | 45.00 | 50.00 | OK | |
| r-oldrel-macos-arm64 | 2.3 | 1.00 | 15.00 | 16.00 | OK | |
| r-oldrel-macos-x86_64 | 2.3 | 2.00 | 22.00 | 24.00 | OK | |
| r-oldrel-windows-x86_64 | 2.3 | 4.00 | 51.00 | 55.00 | OK |
Version: 2.3
Check: HTML version of manual
Result: NOTE
Found the following HTML validation problems:
lookup_iso_639_1.html:51:1 (lookup_iso_639_1.Rd:12): Warning: missing </ul> before </div>
stopwords_getlanguages.html:47:1 (stopwords_getlanguages.Rd:10): Warning: missing </ul> before </div>
Flavor: r-devel-linux-x86_64-debian-clang
These binaries (installable software) and packages are in development.
They may not be fully stable and should be used with caution. We make no claims about them.