Last updated on 2024-07-27 15:50:35 CEST.
Flavor | Version | Tinstall | Tcheck | Ttotal | Status | Flags |
---|---|---|---|---|---|---|
r-devel-linux-x86_64-debian-clang | 1.7.12 | 217.31 | 483.99 | 701.30 | OK | |
r-devel-linux-x86_64-debian-gcc | 1.7.12 | OK | ||||
r-devel-linux-x86_64-fedora-clang | 1.7.12 | 1000.62 | OK | |||
r-devel-linux-x86_64-fedora-gcc | 1.7.12 | 884.33 | OK | |||
r-devel-windows-x86_64 | 1.7.12 | 160.00 | 347.00 | 507.00 | OK | |
r-patched-linux-x86_64 | 1.7.12 | OK | ||||
r-release-linux-x86_64 | 1.7.12 | 170.23 | 442.69 | 612.92 | OK | |
r-release-macos-arm64 | 1.7.12 | 202.00 | NOTE | |||
r-release-macos-x86_64 | 1.7.12 | 370.00 | NOTE | |||
r-release-windows-x86_64 | 1.7.12 | 191.00 | 335.00 | 526.00 | OK | |
r-oldrel-macos-arm64 | 1.7.12 | 238.00 | NOTE | |||
r-oldrel-macos-x86_64 | 1.7.12 | 502.00 | NOTE | |||
r-oldrel-windows-x86_64 | 1.7.12 | 196.00 | 427.00 | 623.00 | OK |
Version: 1.7.12
Check: installed package size
Result: NOTE
installed size is 9.0Mb
sub-directories of 1Mb or more:
libs 6.7Mb
Flavors: r-release-macos-arm64, r-release-macos-x86_64, r-oldrel-macos-arm64, r-oldrel-macos-x86_64
These binaries (installable software) and packages are in development.
They may not be fully stable and should be used with caution. We make no claims about them.