CRAN Package Check Results for Package stpphawkes

Last updated on 2025-10-23 21:51:43 CEST.

Flavor Version Tinstall Tcheck Ttotal Status Flags
r-devel-linux-x86_64-debian-clang 0.2.2 286.09 31.70 317.79 OK
r-devel-linux-x86_64-debian-gcc 0.2.2 172.00 24.69 196.69 OK
r-devel-linux-x86_64-fedora-clang 0.2.2 335.00 300.10 635.10 OK
r-devel-linux-x86_64-fedora-gcc 0.2.2 335.00 200.41 535.41 OK
r-devel-windows-x86_64 0.2.2 298.00 73.00 371.00 OK
r-patched-linux-x86_64 0.2.2 285.98 29.95 315.93 OK
r-release-linux-x86_64 0.2.2 282.79 30.15 312.94 OK
r-release-macos-arm64 0.2.2 100.00 19.00 119.00 OK
r-release-macos-x86_64 0.2.2 77.00 40.00 117.00 OK
r-release-windows-x86_64 0.2.2 304.00 75.00 379.00 OK
r-oldrel-macos-arm64 0.2.2 83.00 22.00 105.00 NOTE
r-oldrel-macos-x86_64 0.2.2 61.00 36.00 97.00 NOTE
r-oldrel-windows-x86_64 0.2.2 353.00 86.00 439.00 OK

Check Details

Version: 0.2.2
Check: installed package size
Result: NOTE installed size is 10.9Mb sub-directories of 1Mb or more: libs 10.8Mb Flavors: r-oldrel-macos-arm64, r-oldrel-macos-x86_64

These binaries (installable software) and packages are in development.
They may not be fully stable and should be used with caution. We make no claims about them.