Last updated on 2025-05-01 08:52:47 CEST.
Flavor | Version | Tinstall | Tcheck | Ttotal | Status | Flags |
---|---|---|---|---|---|---|
r-devel-linux-x86_64-debian-clang | 0.2.2 | 290.58 | 29.77 | 320.35 | OK | |
r-devel-linux-x86_64-debian-gcc | 0.2.2 | 196.18 | 23.20 | 219.38 | OK | |
r-devel-linux-x86_64-fedora-clang | 0.2.2 | 688.38 | OK | |||
r-devel-linux-x86_64-fedora-gcc | 0.2.2 | 595.83 | OK | |||
r-devel-windows-x86_64 | 0.2.2 | 300.00 | 78.00 | 378.00 | OK | |
r-patched-linux-x86_64 | 0.2.2 | 271.83 | 28.41 | 300.24 | OK | |
r-release-linux-x86_64 | OK | |||||
r-release-macos-arm64 | 0.2.2 | 119.00 | OK | |||
r-release-macos-x86_64 | 0.2.2 | 117.00 | OK | |||
r-release-windows-x86_64 | 0.2.2 | 298.00 | 85.00 | 383.00 | OK | |
r-oldrel-macos-arm64 | 0.2.2 | 105.00 | NOTE | |||
r-oldrel-macos-x86_64 | 0.2.2 | 97.00 | NOTE | |||
r-oldrel-windows-x86_64 | 0.2.2 | 333.00 | 91.00 | 424.00 | OK |
Version: 0.2.2
Check: installed package size
Result: NOTE
installed size is 10.9Mb
sub-directories of 1Mb or more:
libs 10.8Mb
Flavors: r-oldrel-macos-arm64, r-oldrel-macos-x86_64
These binaries (installable software) and packages are in development.
They may not be fully stable and should be used with caution. We make no claims about them.