Last updated on 2025-11-12 23:51:01 CET.
| Flavor | Version | Tinstall | Tcheck | Ttotal | Status | Flags |
|---|---|---|---|---|---|---|
| r-devel-linux-x86_64-debian-clang | 0.2.2 | 288.13 | 31.67 | 319.80 | OK | |
| r-devel-linux-x86_64-debian-gcc | 0.2.2 | 175.58 | 24.68 | 200.26 | OK | |
| r-devel-linux-x86_64-fedora-clang | 0.2.2 | 403.00 | 227.37 | 630.37 | OK | |
| r-devel-linux-x86_64-fedora-gcc | 0.2.2 | 370.00 | 170.94 | 540.94 | OK | |
| r-devel-windows-x86_64 | 0.2.2 | 322.00 | 70.00 | 392.00 | OK | |
| r-patched-linux-x86_64 | 0.2.2 | 278.24 | 30.21 | 308.45 | OK | |
| r-release-linux-x86_64 | 0.2.2 | 288.96 | 29.79 | 318.75 | OK | |
| r-release-macos-arm64 | 0.2.2 | 100.00 | 19.00 | 119.00 | OK | |
| r-release-macos-x86_64 | 0.2.2 | 77.00 | 40.00 | 117.00 | OK | |
| r-release-windows-x86_64 | 0.2.2 | 302.00 | 72.00 | 374.00 | OK | |
| r-oldrel-macos-arm64 | 0.2.2 | 83.00 | 22.00 | 105.00 | NOTE | |
| r-oldrel-macos-x86_64 | 0.2.2 | 61.00 | 36.00 | 97.00 | NOTE | |
| r-oldrel-windows-x86_64 | 0.2.2 | 354.00 | 86.00 | 440.00 | OK |
Version: 0.2.2
Check: installed package size
Result: NOTE
installed size is 10.9Mb
sub-directories of 1Mb or more:
libs 10.8Mb
Flavors: r-oldrel-macos-arm64, r-oldrel-macos-x86_64
These binaries (installable software) and packages are in development.
They may not be fully stable and should be used with caution. We make no claims about them.