Last updated on 2025-05-01 12:49:42 CEST.
Flavor | Version | Tinstall | Tcheck | Ttotal | Status | Flags |
---|---|---|---|---|---|---|
r-devel-linux-x86_64-debian-clang | 0.2.0 | 19.74 | 206.62 | 226.36 | NOTE | |
r-devel-linux-x86_64-debian-gcc | 0.2.0 | 12.70 | 142.47 | 155.17 | OK | |
r-devel-linux-x86_64-fedora-clang | 0.2.0 | 345.78 | OK | |||
r-devel-linux-x86_64-fedora-gcc | 0.2.0 | 330.08 | OK | |||
r-devel-windows-x86_64 | 0.2.0 | 19.00 | 188.00 | 207.00 | OK | |
r-patched-linux-x86_64 | 0.2.0 | 17.50 | 191.07 | 208.57 | OK | |
r-release-linux-x86_64 | OK | |||||
r-release-macos-arm64 | 0.2.0 | 87.00 | OK | |||
r-release-macos-x86_64 | 0.2.0 | 210.00 | OK | |||
r-release-windows-x86_64 | 0.2.0 | 19.00 | 189.00 | 208.00 | OK | |
r-oldrel-macos-arm64 | 0.2.0 | 93.00 | OK | |||
r-oldrel-macos-x86_64 | 0.2.0 | 148.00 | OK | |||
r-oldrel-windows-x86_64 | 0.2.0 | 23.00 | 256.00 | 279.00 | OK |
Version: 0.2.0
Check: examples
Result: NOTE
Examples with CPU (user + system) or elapsed time > 5s
user system elapsed
strand-package 5.718 0.208 8.455
Flavor: r-devel-linux-x86_64-debian-clang
These binaries (installable software) and packages are in development.
They may not be fully stable and should be used with caution. We make no claims about them.