CRAN Package Check Results for Package strat

Last updated on 2025-05-01 08:52:47 CEST.

Flavor Version Tinstall Tcheck Ttotal Status Flags
r-devel-linux-x86_64-debian-clang 0.1 19.98 28.31 48.29 NOTE
r-devel-linux-x86_64-debian-gcc 0.1 12.89 22.26 35.15 NOTE
r-devel-linux-x86_64-fedora-clang 0.1 90.27 NOTE
r-devel-linux-x86_64-fedora-gcc 0.1 77.77 NOTE
r-devel-windows-x86_64 0.1 23.00 69.00 92.00 OK
r-patched-linux-x86_64 0.1 16.72 27.68 44.40 OK
r-release-linux-x86_64 OK
r-release-macos-arm64 0.1 27.00 OK
r-release-macos-x86_64 0.1 40.00 OK
r-release-windows-x86_64 0.1 22.00 74.00 96.00 OK
r-oldrel-macos-arm64 0.1 27.00 OK
r-oldrel-macos-x86_64 0.1 47.00 OK
r-oldrel-windows-x86_64 0.1 28.00 79.00 107.00 OK

Check Details

Version: 0.1
Check: CRAN incoming feasibility
Result: NOTE Maintainer: ‘Xiang Zhou <xiang_zhou@fas.harvard.edu>’ Package CITATION file contains call(s) to old-style personList() or as.personList(). Please use c() on person objects instead. Package CITATION file contains call(s) to old-style citEntry(). Please use bibentry() instead. Flavors: r-devel-linux-x86_64-debian-clang, r-devel-linux-x86_64-debian-gcc

Version: 0.1
Check: compiled code
Result: NOTE File ‘strat/libs/strat.so’: Found no calls to: ‘R_registerRoutines’, ‘R_useDynamicSymbols’ It is good practice to register native routines and to disable symbol search. See ‘Writing portable packages’ in the ‘Writing R Extensions’ manual. Flavors: r-devel-linux-x86_64-fedora-clang, r-devel-linux-x86_64-fedora-gcc

These binaries (installable software) and packages are in development.
They may not be fully stable and should be used with caution. We make no claims about them.