CRAN Package Check Results for Package strat

Last updated on 2025-02-16 08:51:02 CET.

Flavor Version Tinstall Tcheck Ttotal Status Flags
r-devel-linux-x86_64-debian-clang 0.1 17.54 27.17 44.71 OK
r-devel-linux-x86_64-debian-gcc 0.1 12.29 21.65 33.94 OK
r-devel-linux-x86_64-fedora-clang 0.1 86.16 NOTE
r-devel-linux-x86_64-fedora-gcc 0.1 82.02 NOTE
r-devel-macos-arm64 0.1 28.00 OK
r-devel-macos-x86_64 0.1 40.00 OK
r-devel-windows-x86_64 0.1 22.00 66.00 88.00 OK
r-patched-linux-x86_64 0.1 17.79 25.93 43.72 OK
r-release-linux-x86_64 0.1 17.22 26.07 43.29 OK
r-release-macos-arm64 0.1 27.00 OK
r-release-macos-x86_64 0.1 47.00 OK
r-release-windows-x86_64 0.1 22.00 65.00 87.00 OK
r-oldrel-macos-arm64 0.1 30.00 OK
r-oldrel-macos-x86_64 0.1 40.00 OK
r-oldrel-windows-x86_64 0.1 28.00 97.00 125.00 OK

Check Details

Version: 0.1
Check: compiled code
Result: NOTE File ‘strat/libs/strat.so’: Found no calls to: ‘R_registerRoutines’, ‘R_useDynamicSymbols’ It is good practice to register native routines and to disable symbol search. See ‘Writing portable packages’ in the ‘Writing R Extensions’ manual. Flavors: r-devel-linux-x86_64-fedora-clang, r-devel-linux-x86_64-fedora-gcc

These binaries (installable software) and packages are in development.
They may not be fully stable and should be used with caution. We make no claims about them.