CRAN Package Check Results for Package stratEst

Last updated on 2025-11-13 09:51:05 CET.

Flavor Version Tinstall Tcheck Ttotal Status Flags
r-devel-linux-x86_64-debian-clang 1.1.8 100.70 53.68 154.38 OK
r-devel-linux-x86_64-debian-gcc 1.1.8 72.38 38.85 111.23 OK
r-devel-linux-x86_64-fedora-clang 1.1.8 169.00 55.93 224.93 OK
r-devel-linux-x86_64-fedora-gcc 1.1.8 213.00 40.16 253.16 OK
r-devel-windows-x86_64 1.1.8 97.00 90.00 187.00 OK
r-patched-linux-x86_64 1.1.8 112.53 50.72 163.25 OK
r-release-linux-x86_64 1.1.8 110.36 51.16 161.52 OK
r-release-macos-arm64 1.1.8 44.00 25.00 69.00 OK
r-release-macos-x86_64 1.1.8 93.00 44.00 137.00 OK
r-release-windows-x86_64 1.1.8 99.00 90.00 189.00 OK
r-oldrel-macos-arm64 1.1.8 44.00 30.00 74.00 NOTE
r-oldrel-macos-x86_64 1.1.8 85.00 54.00 139.00 NOTE
r-oldrel-windows-x86_64 1.1.8 122.00 106.00 228.00 OK

Check Details

Version: 1.1.8
Check: installed package size
Result: NOTE installed size is 10.2Mb sub-directories of 1Mb or more: libs 8.9Mb Flavors: r-oldrel-macos-arm64, r-oldrel-macos-x86_64

These binaries (installable software) and packages are in development.
They may not be fully stable and should be used with caution. We make no claims about them.