Last updated on 2025-05-08 04:52:20 CEST.
Flavor | Version | Tinstall | Tcheck | Ttotal | Status | Flags |
---|---|---|---|---|---|---|
r-devel-linux-x86_64-debian-clang | 0.1.9 | 8.27 | 120.15 | 128.42 | NOTE | |
r-devel-linux-x86_64-debian-gcc | 0.1.9 | 5.12 | 90.35 | 95.47 | NOTE | |
r-devel-linux-x86_64-fedora-clang | 0.1.9 | 202.12 | OK | |||
r-devel-linux-x86_64-fedora-gcc | 0.1.9 | 209.74 | OK | |||
r-devel-windows-x86_64 | 0.1.9 | 10.00 | 131.00 | 141.00 | OK | |
r-patched-linux-x86_64 | 0.1.9 | 7.54 | 116.12 | 123.66 | OK | |
r-release-linux-x86_64 | 0.1.9 | 7.83 | 116.16 | 123.99 | OK | |
r-release-macos-arm64 | 0.1.9 | 67.00 | OK | |||
r-release-macos-x86_64 | 0.1.9 | 165.00 | OK | |||
r-release-windows-x86_64 | 0.1.9 | 9.00 | 132.00 | 141.00 | OK | |
r-oldrel-macos-arm64 | 0.1.9 | 65.00 | OK | |||
r-oldrel-macos-x86_64 | 0.1.9 | 116.00 | OK | |||
r-oldrel-windows-x86_64 | 0.1.9 | 12.00 | 165.00 | 177.00 | OK |
Version: 0.1.9
Check: CRAN incoming feasibility
Result: NOTE
Maintainer: ‘Rachael C. Aikens <rockyaikens@gmail.com>’
Package CITATION file contains call(s) to old-style personList() or
as.personList(). Please use c() on person objects instead.
Package CITATION file contains call(s) to old-style citEntry(). Please
use bibentry() instead.
Flavors: r-devel-linux-x86_64-debian-clang, r-devel-linux-x86_64-debian-gcc
These binaries (installable software) and packages are in development.
They may not be fully stable and should be used with caution. We make no claims about them.