CRAN Package Check Results for Package stratamatch

Last updated on 2025-07-02 03:50:54 CEST.

Flavor Version Tinstall Tcheck Ttotal Status Flags
r-devel-linux-x86_64-debian-clang 0.1.9 8.12 121.03 129.15 NOTE
r-devel-linux-x86_64-debian-gcc 0.1.9 5.94 92.22 98.16 NOTE
r-devel-linux-x86_64-fedora-clang 0.1.9 192.03 OK
r-devel-linux-x86_64-fedora-gcc 0.1.9 200.15 OK
r-devel-windows-x86_64 0.1.9 10.00 133.00 143.00 OK
r-patched-linux-x86_64 OK
r-release-linux-x86_64 0.1.9 6.76 115.64 122.40 OK
r-release-macos-arm64 0.1.9 67.00 OK
r-release-macos-x86_64 0.1.9 165.00 OK
r-release-windows-x86_64 0.1.9 10.00 130.00 140.00 OK
r-oldrel-macos-arm64 0.1.9 65.00 OK
r-oldrel-macos-x86_64 0.1.9 116.00 OK
r-oldrel-windows-x86_64 0.1.9 12.00 167.00 179.00 OK

Check Details

Version: 0.1.9
Check: CRAN incoming feasibility
Result: NOTE Maintainer: ‘Rachael C. Aikens <rockyaikens@gmail.com>’ Package CITATION file contains call(s) to old-style personList() or as.personList(). Please use c() on person objects instead. Package CITATION file contains call(s) to old-style citEntry(). Please use bibentry() instead. Flavors: r-devel-linux-x86_64-debian-clang, r-devel-linux-x86_64-debian-gcc

These binaries (installable software) and packages are in development.
They may not be fully stable and should be used with caution. We make no claims about them.