CRAN Package Check Results for Package strategicplayers

Last updated on 2025-11-11 15:50:49 CET.

Flavor Version Tinstall Tcheck Ttotal Status Flags
r-devel-linux-x86_64-debian-clang 1.1 1.59 19.68 21.27 NOTE
r-devel-linux-x86_64-debian-gcc 1.1 1.47 16.31 17.78 NOTE
r-devel-linux-x86_64-fedora-clang 1.1 30.04 OK
r-devel-linux-x86_64-fedora-gcc 1.1 28.65 OK
r-devel-windows-x86_64 1.1 2.00 38.00 40.00 OK
r-patched-linux-x86_64 1.1 1.40 18.34 19.74 OK
r-release-linux-x86_64 1.1 1.68 18.22 19.90 OK
r-release-macos-arm64 1.1 1.00 18.00 19.00 OK
r-release-macos-x86_64 1.1 2.00 22.00 24.00 OK
r-release-windows-x86_64 1.1 3.00 38.00 41.00 OK
r-oldrel-macos-arm64 1.1 1.00 14.00 15.00 OK
r-oldrel-macos-x86_64 1.1 1.00 23.00 24.00 OK
r-oldrel-windows-x86_64 1.1 3.00 40.00 43.00 OK

Check Details

Version: 1.1
Check: CRAN incoming feasibility
Result: NOTE Maintainer: ‘Miles Ott <miles_ott@alumni.brown.edu>’ No Authors@R field in DESCRIPTION. Please add one, modifying Authors@R: person(given = "Miles", family = "Ott", role = c("aut", "cre"), email = "miles_ott@alumni.brown.edu") as necessary. Flavors: r-devel-linux-x86_64-debian-clang, r-devel-linux-x86_64-debian-gcc

These binaries (installable software) and packages are in development.
They may not be fully stable and should be used with caution. We make no claims about them.