CRAN Package Check Results for Package straweib

Last updated on 2025-10-09 23:51:27 CEST.

Flavor Version Tinstall Tcheck Ttotal Status Flags
r-devel-linux-x86_64-debian-clang 1.1 2.34 22.96 25.30 NOTE
r-devel-linux-x86_64-debian-gcc 1.1 1.78 18.44 20.22 NOTE
r-devel-linux-x86_64-fedora-clang 1.1 36.59 OK
r-devel-linux-x86_64-fedora-gcc 1.1 36.42 OK
r-devel-windows-x86_64 1.1 4.00 42.00 46.00 OK
r-patched-linux-x86_64 1.1 2.30 21.68 23.98 OK
r-release-linux-x86_64 1.1 2.41 21.57 23.98 OK
r-release-macos-arm64 1.1 18.00 OK
r-release-macos-x86_64 1.1 28.00 OK
r-release-windows-x86_64 1.1 6.00 46.00 52.00 OK
r-oldrel-macos-arm64 1.1 17.00 OK
r-oldrel-macos-x86_64 1.1 24.00 OK
r-oldrel-windows-x86_64 1.1 3.00 53.00 56.00 OK

Check Details

Version: 1.1
Check: CRAN incoming feasibility
Result: NOTE Maintainer: ‘Xiangdong Gu <ustcgxd@gmail.com>’ No Authors@R field in DESCRIPTION. Please add one, modifying Authors@R: c(person(given = "Xiangdong", family = "Gu", role = c("aut", "cre"), email = "ustcgxd@gmail.com"), person(given = "Raji", family = "Balasubramanian", role = "aut")) as necessary. Flavors: r-devel-linux-x86_64-debian-clang, r-devel-linux-x86_64-debian-gcc

These binaries (installable software) and packages are in development.
They may not be fully stable and should be used with caution. We make no claims about them.