CRAN Package Check Results for Package stray

Last updated on 2025-07-17 01:50:02 CEST.

Flavor Version Tinstall Tcheck Ttotal Status Flags
r-devel-linux-x86_64-debian-clang 0.1.1 5.13 45.87 51.00 NOTE
r-devel-linux-x86_64-debian-gcc 0.1.1 3.73 34.22 37.95 NOTE
r-devel-linux-x86_64-fedora-clang 0.1.1 80.57 NOTE
r-devel-linux-x86_64-fedora-gcc 0.1.1 74.94 NOTE
r-devel-windows-x86_64 0.1.1 7.00 63.00 70.00 OK
r-patched-linux-x86_64 0.1.1 5.43 42.83 48.26 OK
r-release-linux-x86_64 0.1.1 5.10 42.72 47.82 OK
r-release-macos-arm64 0.1.1 23.00 OK
r-release-macos-x86_64 0.1.1 41.00 OK
r-release-windows-x86_64 0.1.1 10.00 62.00 72.00 OK
r-oldrel-macos-arm64 0.1.1 24.00 OK
r-oldrel-macos-x86_64 0.1.1 40.00 OK
r-oldrel-windows-x86_64 0.1.1 8.00 74.00 82.00 OK

Check Details

Version: 0.1.1
Check: CRAN incoming feasibility
Result: NOTE Maintainer: ‘Priyanga Dilini Talagala <pritalagala@gmail.com>’ The Description field contains <arXiv:1908.04000> for detecting anomalies in high-dimensional data Please refer to arXiv e-prints via their arXiv DOI <doi:10.48550/arXiv.YYMM.NNNNN>. Flavors: r-devel-linux-x86_64-debian-clang, r-devel-linux-x86_64-debian-gcc

Version: 0.1.1
Check: dependencies in R code
Result: NOTE Namespace in Imports field not imported from: ‘ks’ All declared Imports should be used. Flavors: r-devel-linux-x86_64-fedora-clang, r-devel-linux-x86_64-fedora-gcc

These binaries (installable software) and packages are in development.
They may not be fully stable and should be used with caution. We make no claims about them.