CRAN Package Check Results for Package stream

Last updated on 2025-07-22 13:49:25 CEST.

Flavor Version Tinstall Tcheck Ttotal Status Flags
r-devel-linux-x86_64-debian-clang 2.0-3 89.25 171.60 260.85 OK
r-devel-linux-x86_64-debian-gcc 2.0-3 66.97 111.27 178.24 OK
r-devel-linux-x86_64-fedora-clang 2.0-3 464.24 OK
r-devel-linux-x86_64-fedora-gcc 2.0-3 442.16 OK
r-devel-windows-x86_64 2.0-3 106.00 246.00 352.00 OK
r-patched-linux-x86_64 2.0-3 95.77 161.14 256.91 OK
r-release-linux-x86_64 2.0-3 94.75 159.13 253.88 OK
r-release-macos-arm64 2.0-3 125.00 OK
r-release-macos-x86_64 2.0-3 220.00 OK
r-release-windows-x86_64 2.0-3 104.00 249.00 353.00 OK
r-oldrel-macos-arm64 2.0-3 105.00 NOTE
r-oldrel-macos-x86_64 2.0-3 182.00 NOTE
r-oldrel-windows-x86_64 2.0-3 131.00 289.00 420.00 OK

Check Details

Version: 2.0-3
Check: installed package size
Result: NOTE installed size is 13.7Mb sub-directories of 1Mb or more: doc 1.7Mb libs 10.8Mb Flavors: r-oldrel-macos-arm64, r-oldrel-macos-x86_64

These binaries (installable software) and packages are in development.
They may not be fully stable and should be used with caution. We make no claims about them.