Last updated on 2025-02-16 08:51:02 CET.
Flavor | Version | Tinstall | Tcheck | Ttotal | Status | Flags |
---|---|---|---|---|---|---|
r-devel-linux-x86_64-debian-clang | 2.0-2 | 92.17 | 167.87 | 260.04 | NOTE | |
r-devel-linux-x86_64-debian-gcc | 2.0-2 | 65.90 | 109.33 | 175.23 | NOTE | |
r-devel-linux-x86_64-fedora-clang | 2.0-2 | 455.79 | OK | |||
r-devel-linux-x86_64-fedora-gcc | 2.0-2 | 465.46 | OK | |||
r-devel-macos-arm64 | 2.0-2 | 108.00 | OK | |||
r-devel-macos-x86_64 | 2.0-2 | 217.00 | OK | |||
r-devel-windows-x86_64 | 2.0-2 | 96.00 | 241.00 | 337.00 | NOTE | |
r-patched-linux-x86_64 | 2.0-2 | 95.52 | 158.00 | 253.52 | OK | |
r-release-linux-x86_64 | 2.0-2 | 89.76 | 159.49 | 249.25 | OK | |
r-release-macos-arm64 | 2.0-2 | 120.00 | NOTE | |||
r-release-macos-x86_64 | 2.0-2 | 172.00 | NOTE | |||
r-release-windows-x86_64 | 2.0-2 | 97.00 | 245.00 | 342.00 | OK | |
r-oldrel-macos-arm64 | 2.0-2 | 127.00 | NOTE | |||
r-oldrel-macos-x86_64 | 2.0-2 | 240.00 | NOTE | |||
r-oldrel-windows-x86_64 | 2.0-2 | 121.00 | 283.00 | 404.00 | OK |
Version: 2.0-2
Check: Rd cross-references
Result: NOTE
Found the following Rd file(s) with Rd \link{} targets missing package
anchors:
DSClassifier_SlidingWindow.Rd: rpart
Please provide package anchors for all Rd \link{} targets not in the
package itself and the base packages.
Flavors: r-devel-linux-x86_64-debian-clang, r-devel-linux-x86_64-debian-gcc, r-devel-windows-x86_64
Version: 2.0-2
Check: installed package size
Result: NOTE
installed size is 12.9Mb
sub-directories of 1Mb or more:
doc 1.7Mb
libs 9.9Mb
Flavors: r-release-macos-arm64, r-release-macos-x86_64, r-oldrel-macos-arm64, r-oldrel-macos-x86_64
These binaries (installable software) and packages are in development.
They may not be fully stable and should be used with caution. We make no claims about them.