CRAN Package Check Results for Package stream

Last updated on 2025-05-08 04:52:20 CEST.

Flavor Version Tinstall Tcheck Ttotal Status Flags
r-devel-linux-x86_64-debian-clang 2.0-3 91.63 172.49 264.12 OK
r-devel-linux-x86_64-debian-gcc 2.0-3 68.83 109.08 177.91 OK
r-devel-linux-x86_64-fedora-clang 2.0-3 513.69 OK
r-devel-linux-x86_64-fedora-gcc 2.0-3 507.15 OK
r-devel-windows-x86_64 2.0-3 108.00 257.00 365.00 OK
r-patched-linux-x86_64 2.0-3 101.41 162.02 263.43 OK
r-release-linux-x86_64 2.0-3 89.53 160.47 250.00 OK
r-release-macos-arm64 2.0-3 125.00 OK
r-release-macos-x86_64 2.0-3 220.00 OK
r-release-windows-x86_64 2.0-3 106.00 245.00 351.00 OK
r-oldrel-macos-arm64 2.0-3 105.00 NOTE
r-oldrel-macos-x86_64 2.0-3 182.00 NOTE
r-oldrel-windows-x86_64 2.0-3 125.00 296.00 421.00 OK

Additional issues

gcc-UBSAN

Check Details

Version: 2.0-3
Check: installed package size
Result: NOTE installed size is 13.7Mb sub-directories of 1Mb or more: doc 1.7Mb libs 10.8Mb Flavors: r-oldrel-macos-arm64, r-oldrel-macos-x86_64

These binaries (installable software) and packages are in development.
They may not be fully stable and should be used with caution. We make no claims about them.