Last updated on 2024-07-27 15:50:35 CEST.
Flavor | Version | Tinstall | Tcheck | Ttotal | Status | Flags |
---|---|---|---|---|---|---|
r-devel-linux-x86_64-debian-clang | 1.5 | 13.69 | 217.10 | 230.79 | NOTE | |
r-devel-linux-x86_64-debian-gcc | 1.5 | NOTE | ||||
r-devel-linux-x86_64-fedora-clang | 1.5 | 274.36 | NOTE | |||
r-devel-linux-x86_64-fedora-gcc | 1.5 | 295.80 | NOTE | |||
r-devel-windows-x86_64 | 1.5 | 11.00 | 150.00 | 161.00 | NOTE | |
r-patched-linux-x86_64 | 1.5 | NOTE | ||||
r-release-linux-x86_64 | 1.5 | 13.99 | 204.28 | 218.27 | NOTE | |
r-release-macos-arm64 | 1.5 | 110.00 | NOTE | |||
r-release-macos-x86_64 | 1.5 | 170.00 | NOTE | |||
r-release-windows-x86_64 | 1.5 | 10.00 | 146.00 | 156.00 | NOTE | |
r-oldrel-macos-arm64 | 1.5 | 86.00 | OK | |||
r-oldrel-macos-x86_64 | 1.5 | 161.00 | OK | |||
r-oldrel-windows-x86_64 | 1.5 | 13.00 | 180.00 | 193.00 | OK |
Version: 1.5
Check: Rd files
Result: NOTE
checkRd: (-1) isle.Rd:38: Lost braces
38 | \code{\link[streamDAG]{stream.order}}, \code{\link[igraph]{delete.vertices}}, code{\link[igraph]{add.vertices}}, code{\link[igraph]{add.edges}}
| ^
checkRd: (-1) isle.Rd:38: Lost braces
38 | \code{\link[streamDAG]{stream.order}}, \code{\link[igraph]{delete.vertices}}, code{\link[igraph]{add.vertices}}, code{\link[igraph]{add.edges}}
| ^
Flavors: r-devel-linux-x86_64-debian-clang, r-devel-linux-x86_64-debian-gcc, r-devel-linux-x86_64-fedora-clang, r-devel-linux-x86_64-fedora-gcc, r-devel-windows-x86_64, r-patched-linux-x86_64, r-release-linux-x86_64, r-release-macos-arm64, r-release-macos-x86_64, r-release-windows-x86_64
These binaries (installable software) and packages are in development.
They may not be fully stable and should be used with caution. We make no claims about them.