Last updated on 2025-05-01 15:49:46 CEST.
Flavor | Version | Tinstall | Tcheck | Ttotal | Status | Flags |
---|---|---|---|---|---|---|
r-devel-linux-x86_64-debian-clang | 0.2.0 | 2.30 | 45.11 | 47.41 | NOTE | |
r-devel-linux-x86_64-debian-gcc | 0.2.0 | 1.61 | 34.96 | 36.57 | NOTE | |
r-devel-linux-x86_64-fedora-clang | 0.2.0 | 74.02 | NOTE | |||
r-devel-linux-x86_64-fedora-gcc | 0.2.0 | 84.79 | NOTE | |||
r-devel-windows-x86_64 | 0.2.0 | 4.00 | 65.00 | 69.00 | NOTE | |
r-patched-linux-x86_64 | 0.2.0 | 2.88 | 42.92 | 45.80 | NOTE | |
r-release-linux-x86_64 | NOTE | |||||
r-release-macos-arm64 | 0.2.0 | 35.00 | NOTE | |||
r-release-macos-x86_64 | 0.2.0 | 60.00 | NOTE | |||
r-release-windows-x86_64 | 0.2.0 | 4.00 | 72.00 | 76.00 | NOTE | |
r-oldrel-macos-arm64 | 0.2.0 | 34.00 | OK | |||
r-oldrel-macos-x86_64 | 0.2.0 | 45.00 | OK | |||
r-oldrel-windows-x86_64 | 0.2.0 | 5.00 | 74.00 | 79.00 | OK |
Version: 0.2.0
Check: DESCRIPTION meta-information
Result: NOTE
Missing dependency on R >= 4.1.0 because package code uses the pipe
|> or function shorthand \(...) syntax added in R 4.1.0.
File(s) using such syntax:
‘apportion_inverse.R’ ‘apportion_polygon.R’ ‘apportion_web.R’
‘prep_reach_dist.R’
Flavors: r-devel-linux-x86_64-debian-clang, r-devel-linux-x86_64-debian-gcc, r-devel-linux-x86_64-fedora-clang, r-devel-linux-x86_64-fedora-gcc, r-devel-windows-x86_64, r-patched-linux-x86_64, r-release-linux-x86_64, r-release-macos-arm64, r-release-macos-x86_64, r-release-windows-x86_64
These binaries (installable software) and packages are in development.
They may not be fully stable and should be used with caution. We make no claims about them.