Last updated on 2025-10-23 17:51:04 CEST.
Flavor | Version | Tinstall | Tcheck | Ttotal | Status | Flags |
---|---|---|---|---|---|---|
r-devel-linux-x86_64-debian-clang | 1.3-1 | 5.55 | 82.11 | 87.66 | NOTE | |
r-devel-linux-x86_64-debian-gcc | 1.3-1 | 4.52 | 59.60 | 64.12 | NOTE | |
r-devel-linux-x86_64-fedora-clang | 1.3-1 | 21.00 | 117.50 | 138.50 | OK | |
r-devel-linux-x86_64-fedora-gcc | 1.3-1 | 15.00 | 125.64 | 140.64 | OK | |
r-devel-windows-x86_64 | 1.3-1 | 8.00 | 91.00 | 99.00 | OK | |
r-patched-linux-x86_64 | 1.3-1 | 6.28 | 77.37 | 83.65 | OK | |
r-release-linux-x86_64 | 1.3-1 | 6.31 | 77.71 | 84.02 | OK | |
r-release-macos-arm64 | 1.3-1 | 4.00 | 55.00 | 59.00 | OK | |
r-release-macos-x86_64 | 1.3-1 | 12.00 | 100.00 | 112.00 | OK | |
r-release-windows-x86_64 | 1.3-1 | 9.00 | 96.00 | 105.00 | OK | |
r-oldrel-macos-arm64 | 1.3-1 | 3.00 | 43.00 | 46.00 | OK | |
r-oldrel-macos-x86_64 | 1.3-1 | 5.00 | 60.00 | 65.00 | OK | |
r-oldrel-windows-x86_64 | 1.3-1 | 11.00 | 111.00 | 122.00 | OK |
Version: 1.3-1
Check: CRAN incoming feasibility
Result: NOTE
Maintainer: ‘Michael Hahsler <mhahsler@lyle.smu.edu>’
The BugReports field in DESCRIPTION has
https://github.com/mhahsler/streamMOA
which should likely be
https://github.com/mhahsler/streamMOA/issues
instead.
Flavors: r-devel-linux-x86_64-debian-clang, r-devel-linux-x86_64-debian-gcc
These binaries (installable software) and packages are in development.
They may not be fully stable and should be used with caution. We make no claims about them.