Last updated on 2025-10-23 17:51:04 CEST.
Flavor | Version | Tinstall | Tcheck | Ttotal | Status | Flags |
---|---|---|---|---|---|---|
r-devel-linux-x86_64-debian-clang | 0.1.0 | 3.47 | 55.80 | 59.27 | NOTE | |
r-devel-linux-x86_64-debian-gcc | 0.1.0 | 2.75 | 41.76 | 44.51 | OK | |
r-devel-linux-x86_64-fedora-clang | 0.1.0 | 11.00 | 77.73 | 88.73 | OK | |
r-devel-linux-x86_64-fedora-gcc | 0.1.0 | 95.29 | OK | |||
r-devel-windows-x86_64 | 0.1.0 | 5.00 | 76.00 | 81.00 | OK | |
r-patched-linux-x86_64 | 0.1.0 | 4.24 | 53.48 | 57.72 | OK | |
r-release-linux-x86_64 | 0.1.0 | 3.08 | 52.43 | 55.51 | OK | |
r-release-macos-arm64 | 0.1.0 | 2.00 | 36.00 | 38.00 | OK | |
r-release-macos-x86_64 | 0.1.0 | 4.00 | 56.00 | 60.00 | OK | |
r-release-windows-x86_64 | 0.1.0 | 6.00 | 77.00 | 83.00 | OK | |
r-oldrel-macos-arm64 | 0.1.0 | 2.00 | 39.00 | 41.00 | OK | |
r-oldrel-macos-x86_64 | 0.1.0 | 9.00 | 133.00 | 142.00 | OK | |
r-oldrel-windows-x86_64 | 0.1.0 | 7.00 | 89.00 | 96.00 | OK |
Version: 0.1.0
Check: HTML version of manual
Result: NOTE
Found the following HTML validation problems:
subsample_et.html:57:1 (subsample_et.Rd:17): Warning: missing </ul> before </div>
Flavor: r-devel-linux-x86_64-debian-clang
These binaries (installable software) and packages are in development.
They may not be fully stable and should be used with caution. We make no claims about them.