Last updated on 2025-07-18 07:49:48 CEST.
Flavor | Version | Tinstall | Tcheck | Ttotal | Status | Flags |
---|---|---|---|---|---|---|
r-devel-linux-x86_64-debian-clang | 1.0.5 | 50.84 | 380.83 | 431.67 | OK | |
r-devel-linux-x86_64-debian-gcc | 1.0.5 | 33.59 | 239.49 | 273.08 | OK | |
r-devel-linux-x86_64-fedora-clang | 1.0.5 | 660.13 | OK | |||
r-devel-linux-x86_64-fedora-gcc | 1.0.5 | 632.99 | OK | |||
r-devel-windows-x86_64 | 1.0.5 | 46.00 | 321.00 | 367.00 | OK | |
r-patched-linux-x86_64 | 1.0.5 | 48.60 | 355.13 | 403.73 | OK | |
r-release-linux-x86_64 | 1.0.5 | 50.09 | 353.69 | 403.78 | OK | |
r-release-macos-arm64 | 1.0.5 | 154.00 | OK | |||
r-release-macos-x86_64 | 1.0.5 | 379.00 | OK | |||
r-release-windows-x86_64 | 1.0.5 | 47.00 | 315.00 | 362.00 | OK | |
r-oldrel-macos-arm64 | 1.0.5 | 170.00 | OK | |||
r-oldrel-macos-x86_64 | 1.0.5 | 339.00 | OK | |||
r-oldrel-windows-x86_64 | 1.0.5 | 1.00 | 9.00 | 10.00 | ERROR |
Version: 1.0.5
Check: whether package can be installed
Result: ERROR
Installation failed.
Flavor: r-oldrel-windows-x86_64
These binaries (installable software) and packages are in development.
They may not be fully stable and should be used with caution. We make no claims about them.