CRAN Package Check Results for Package stressor

Last updated on 2025-10-23 11:50:29 CEST.

Flavor Version Tinstall Tcheck Ttotal Status Flags
r-devel-linux-x86_64-debian-clang 0.2.0 5.54 63.78 69.32 NOTE
r-devel-linux-x86_64-debian-gcc 0.2.0 3.11 46.12 49.23 OK
r-devel-linux-x86_64-fedora-clang 0.2.0 15.00 90.82 105.82 OK
r-devel-linux-x86_64-fedora-gcc 0.2.0 10.00 98.11 108.11 OK
r-devel-windows-x86_64 0.2.0 7.00 96.00 103.00 OK
r-patched-linux-x86_64 0.2.0 5.38 57.05 62.43 OK
r-release-linux-x86_64 0.2.0 4.79 57.75 62.54 OK
r-release-macos-arm64 0.2.0 3.00 36.00 39.00 OK
r-release-macos-x86_64 0.2.0 5.00 71.00 76.00 OK
r-release-windows-x86_64 0.2.0 8.00 97.00 105.00 OK
r-oldrel-macos-arm64 0.2.0 2.00 40.00 42.00 OK
r-oldrel-macos-x86_64 0.2.0 4.00 54.00 58.00 OK
r-oldrel-windows-x86_64 0.2.0 10.00 104.00 114.00 OK

Check Details

Version: 0.2.0
Check: HTML version of manual
Result: NOTE Found the following HTML validation problems: rmse.html:51:1 (rmse.Rd:13): Warning: missing </ul> before </div> Flavor: r-devel-linux-x86_64-debian-clang

These binaries (installable software) and packages are in development.
They may not be fully stable and should be used with caution. We make no claims about them.