Last updated on 2025-10-23 17:51:04 CEST.
Flavor | Version | Tinstall | Tcheck | Ttotal | Status | Flags |
---|---|---|---|---|---|---|
r-devel-linux-x86_64-debian-clang | 1.3 | 9.30 | 79.60 | 88.90 | NOTE | |
r-devel-linux-x86_64-debian-gcc | 1.3 | 6.17 | 59.06 | 65.23 | NOTE | |
r-devel-linux-x86_64-fedora-clang | 1.3 | 31.00 | 121.90 | 152.90 | NOTE | |
r-devel-linux-x86_64-fedora-gcc | 1.3 | 20.00 | 136.28 | 156.28 | NOTE | |
r-devel-windows-x86_64 | 1.3 | 12.00 | 128.00 | 140.00 | NOTE | |
r-patched-linux-x86_64 | 1.3 | 8.93 | 74.37 | 83.30 | NOTE | |
r-release-linux-x86_64 | 1.3 | 8.72 | 74.54 | 83.26 | NOTE | |
r-release-macos-arm64 | 1.3 | 5.00 | 60.00 | 65.00 | NOTE | |
r-release-macos-x86_64 | 1.3 | 7.00 | 115.00 | 122.00 | NOTE | |
r-release-windows-x86_64 | 1.3 | 12.00 | 129.00 | 141.00 | NOTE | |
r-oldrel-macos-arm64 | 1.3 | 6.00 | 45.00 | 51.00 | NOTE | |
r-oldrel-macos-x86_64 | 1.3 | 8.00 | 72.00 | 80.00 | NOTE | |
r-oldrel-windows-x86_64 | 1.3 | 15.00 | 149.00 | 164.00 | NOTE |
Version: 1.3
Check: C++ specification
Result: NOTE
Specified C++11: please drop specification unless essential
Flavors: r-devel-linux-x86_64-debian-clang, r-devel-linux-x86_64-debian-gcc, r-devel-linux-x86_64-fedora-clang, r-devel-linux-x86_64-fedora-gcc, r-devel-windows-x86_64, r-patched-linux-x86_64, r-release-linux-x86_64, r-release-macos-arm64, r-release-macos-x86_64, r-release-windows-x86_64, r-oldrel-macos-arm64, r-oldrel-macos-x86_64, r-oldrel-windows-x86_64
These binaries (installable software) and packages are in development.
They may not be fully stable and should be used with caution. We make no claims about them.