Last updated on 2025-05-08 04:52:20 CEST.
Flavor | Version | Tinstall | Tcheck | Ttotal | Status | Flags |
---|---|---|---|---|---|---|
r-devel-linux-x86_64-debian-clang | 1.3 | 9.72 | 77.14 | 86.86 | NOTE | |
r-devel-linux-x86_64-debian-gcc | 1.3 | 6.40 | 57.53 | 63.93 | NOTE | |
r-devel-linux-x86_64-fedora-clang | 1.3 | 160.71 | NOTE | |||
r-devel-linux-x86_64-fedora-gcc | 1.3 | 173.83 | NOTE | |||
r-devel-windows-x86_64 | 1.3 | 14.00 | 137.00 | 151.00 | NOTE | |
r-patched-linux-x86_64 | 1.3 | 8.45 | 74.08 | 82.53 | NOTE | |
r-release-linux-x86_64 | 1.3 | 9.04 | 73.56 | 82.60 | NOTE | |
r-release-macos-arm64 | 1.3 | 65.00 | NOTE | |||
r-release-macos-x86_64 | 1.3 | 122.00 | NOTE | |||
r-release-windows-x86_64 | 1.3 | 12.00 | 133.00 | 145.00 | NOTE | |
r-oldrel-macos-arm64 | 1.3 | 51.00 | NOTE | |||
r-oldrel-macos-x86_64 | 1.3 | 80.00 | NOTE | |||
r-oldrel-windows-x86_64 | 1.3 | 14.00 | 149.00 | 163.00 | NOTE |
Version: 1.3
Check: C++ specification
Result: NOTE
Specified C++11: please drop specification unless essential
Flavors: r-devel-linux-x86_64-debian-clang, r-devel-linux-x86_64-debian-gcc, r-devel-linux-x86_64-fedora-clang, r-devel-linux-x86_64-fedora-gcc, r-devel-windows-x86_64, r-patched-linux-x86_64, r-release-linux-x86_64, r-release-macos-arm64, r-release-macos-x86_64, r-release-windows-x86_64, r-oldrel-macos-arm64, r-oldrel-macos-x86_64, r-oldrel-windows-x86_64
These binaries (installable software) and packages are in development.
They may not be fully stable and should be used with caution. We make no claims about them.