Last updated on 2025-11-13 15:51:27 CET.
| Flavor | Version | Tinstall | Tcheck | Ttotal | Status | Flags |
|---|---|---|---|---|---|---|
| r-devel-linux-x86_64-debian-clang | 1.3 | 9.11 | 77.82 | 86.93 | NOTE | |
| r-devel-linux-x86_64-debian-gcc | 1.3 | 6.34 | 59.66 | 66.00 | NOTE | |
| r-devel-linux-x86_64-fedora-clang | 1.3 | 27.00 | 124.57 | 151.57 | NOTE | |
| r-devel-linux-x86_64-fedora-gcc | 1.3 | 16.00 | 143.20 | 159.20 | NOTE | |
| r-devel-windows-x86_64 | 1.3 | 12.00 | 130.00 | 142.00 | NOTE | |
| r-patched-linux-x86_64 | 1.3 | 8.58 | 76.18 | 84.76 | NOTE | |
| r-release-linux-x86_64 | 1.3 | 8.04 | 75.18 | 83.22 | NOTE | |
| r-release-macos-arm64 | 1.3 | 5.00 | 60.00 | 65.00 | NOTE | |
| r-release-macos-x86_64 | 1.3 | 7.00 | 115.00 | 122.00 | NOTE | |
| r-release-windows-x86_64 | 1.3 | 13.00 | 128.00 | 141.00 | NOTE | |
| r-oldrel-macos-arm64 | 1.3 | 6.00 | 45.00 | 51.00 | NOTE | |
| r-oldrel-macos-x86_64 | 1.3 | 8.00 | 72.00 | 80.00 | NOTE | |
| r-oldrel-windows-x86_64 | 1.3 | 13.00 | 150.00 | 163.00 | NOTE |
Version: 1.3
Check: C++ specification
Result: NOTE
Specified C++11: please drop specification unless essential
Flavors: r-devel-linux-x86_64-debian-clang, r-devel-linux-x86_64-debian-gcc, r-devel-linux-x86_64-fedora-clang, r-devel-linux-x86_64-fedora-gcc, r-devel-windows-x86_64, r-patched-linux-x86_64, r-release-linux-x86_64, r-release-macos-arm64, r-release-macos-x86_64, r-release-windows-x86_64, r-oldrel-macos-arm64, r-oldrel-macos-x86_64, r-oldrel-windows-x86_64
These binaries (installable software) and packages are in development.
They may not be fully stable and should be used with caution. We make no claims about them.