Last updated on 2024-07-27 15:50:35 CEST.
Flavor | Version | Tinstall | Tcheck | Ttotal | Status | Flags |
---|---|---|---|---|---|---|
r-devel-linux-x86_64-debian-clang | 1.3 | 11.55 | 107.15 | 118.70 | NOTE | |
r-devel-linux-x86_64-debian-gcc | 1.3 | NOTE | ||||
r-devel-linux-x86_64-fedora-clang | 1.3 | 180.09 | NOTE | |||
r-devel-linux-x86_64-fedora-gcc | 1.3 | 168.57 | NOTE | |||
r-devel-windows-x86_64 | 1.3 | 13.00 | 128.00 | 141.00 | NOTE | |
r-patched-linux-x86_64 | 1.3 | NOTE | ||||
r-release-linux-x86_64 | 1.3 | 9.29 | 102.21 | 111.50 | NOTE | |
r-release-macos-arm64 | 1.3 | 51.00 | NOTE | |||
r-release-macos-x86_64 | 1.3 | 80.00 | NOTE | |||
r-release-windows-x86_64 | 1.3 | 18.00 | 132.00 | 150.00 | NOTE | |
r-oldrel-macos-arm64 | 1.3 | 59.00 | NOTE | |||
r-oldrel-macos-x86_64 | 1.3 | 91.00 | NOTE | |||
r-oldrel-windows-x86_64 | 1.3 | 13.00 | 147.00 | 160.00 | NOTE |
Version: 1.3
Check: C++ specification
Result: NOTE
Specified C++11: please drop specification unless essential
Flavors: r-devel-linux-x86_64-debian-clang, r-devel-linux-x86_64-debian-gcc, r-devel-linux-x86_64-fedora-clang, r-devel-linux-x86_64-fedora-gcc, r-devel-windows-x86_64, r-patched-linux-x86_64, r-release-linux-x86_64, r-release-macos-arm64, r-release-macos-x86_64, r-release-windows-x86_64, r-oldrel-macos-arm64, r-oldrel-macos-x86_64, r-oldrel-windows-x86_64
These binaries (installable software) and packages are in development.
They may not be fully stable and should be used with caution. We make no claims about them.