Last updated on 2025-02-16 08:51:02 CET.
Flavor | Version | Tinstall | Tcheck | Ttotal | Status | Flags |
---|---|---|---|---|---|---|
r-devel-linux-x86_64-debian-clang | 0.2.0 | 101.52 | 20.49 | 122.01 | OK | |
r-devel-linux-x86_64-debian-gcc | 0.2.0 | 79.75 | 16.61 | 96.36 | OK | |
r-devel-linux-x86_64-fedora-clang | 0.2.0 | 197.90 | OK | |||
r-devel-linux-x86_64-fedora-gcc | 0.2.0 | 194.99 | OK | |||
r-devel-macos-arm64 | 0.2.0 | 68.00 | OK | |||
r-devel-macos-x86_64 | 0.2.0 | 79.00 | OK | |||
r-devel-windows-x86_64 | 0.2.0 | 159.00 | 64.00 | 223.00 | OK | |
r-patched-linux-x86_64 | 0.2.0 | 99.16 | 19.43 | 118.59 | OK | |
r-release-linux-x86_64 | 0.2.0 | 102.19 | 19.67 | 121.86 | OK | |
r-release-macos-arm64 | 0.2.0 | 81.00 | NOTE | |||
r-release-macos-x86_64 | 0.2.0 | 86.00 | NOTE | |||
r-release-windows-x86_64 | 0.2.0 | 152.00 | 73.00 | 225.00 | OK | |
r-oldrel-macos-arm64 | 0.1.8 | 72.00 | NOTE | |||
r-oldrel-macos-x86_64 | 0.2.0 | 58.00 | NOTE | |||
r-oldrel-windows-x86_64 | 0.2.0 | 128.00 | 74.00 | 202.00 | OK |
Version: 0.2.0
Check: installed package size
Result: NOTE
installed size is 8.0Mb
sub-directories of 1Mb or more:
libs 7.9Mb
Flavors: r-release-macos-arm64, r-release-macos-x86_64, r-oldrel-macos-x86_64
Version: 0.1.8
Check: installed package size
Result: NOTE
installed size is 7.4Mb
sub-directories of 1Mb or more:
libs 7.3Mb
Flavor: r-oldrel-macos-arm64
These binaries (installable software) and packages are in development.
They may not be fully stable and should be used with caution. We make no claims about them.