Last updated on 2025-10-23 11:50:29 CEST.
Flavor | Version | Tinstall | Tcheck | Ttotal | Status | Flags |
---|---|---|---|---|---|---|
r-devel-linux-x86_64-debian-clang | 0.17.0 | 20.61 | 109.69 | 130.30 | OK | |
r-devel-linux-x86_64-debian-gcc | 0.17.0 | 16.60 | 73.69 | 90.29 | OK | |
r-devel-linux-x86_64-fedora-clang | 0.17.0 | 64.00 | 153.58 | 217.58 | OK | |
r-devel-linux-x86_64-fedora-gcc | 0.17.0 | 55.00 | 161.22 | 216.22 | OK | |
r-devel-windows-x86_64 | 0.17.0 | 64.00 | 149.00 | 213.00 | OK | |
r-patched-linux-x86_64 | 0.17.0 | 22.64 | 101.64 | 124.28 | OK | |
r-release-linux-x86_64 | 0.17.0 | 23.33 | 102.51 | 125.84 | OK | |
r-release-macos-arm64 | 0.17.0 | 14.00 | 99.00 | 113.00 | OK | |
r-release-macos-x86_64 | 0.17.0 | 25.00 | 158.00 | 183.00 | OK | |
r-release-windows-x86_64 | 0.17.0 | 74.00 | 149.00 | 223.00 | OK | |
r-oldrel-macos-arm64 | 0.17.0 | 12.00 | 74.00 | 86.00 | NOTE | |
r-oldrel-macos-x86_64 | 0.17.0 | 17.00 | 129.00 | 146.00 | NOTE | |
r-oldrel-windows-x86_64 | 0.17.0 | 86.00 | 185.00 | 271.00 | NOTE |
Version: 0.17.0
Check: for GNU extensions in Makefiles
Result: NOTE
GNU make is a SystemRequirements.
Flavors: r-oldrel-macos-arm64, r-oldrel-macos-x86_64, r-oldrel-windows-x86_64
These binaries (installable software) and packages are in development.
They may not be fully stable and should be used with caution. We make no claims about them.