CRAN Package Check Results for Package stringfish

Last updated on 2025-02-19 17:51:06 CET.

Flavor Version Tinstall Tcheck Ttotal Status Flags
r-devel-linux-x86_64-debian-clang 0.16.0 19.66 106.95 126.61 NOTE
r-devel-linux-x86_64-debian-gcc 0.16.0 17.18 70.79 87.97 NOTE
r-devel-linux-x86_64-fedora-clang 0.16.0 232.21 NOTE
r-devel-linux-x86_64-fedora-gcc 0.16.0 225.88 NOTE
r-devel-macos-arm64 0.16.0 65.00 NOTE
r-devel-macos-x86_64 0.16.0 170.00 NOTE
r-devel-windows-x86_64 0.16.0 64.00 150.00 214.00 NOTE
r-patched-linux-x86_64 0.16.0 24.68 99.16 123.84 NOTE
r-release-linux-x86_64 0.16.0 22.23 97.58 119.81 NOTE
r-release-macos-arm64 0.16.0 42.00 NOTE
r-release-macos-x86_64 0.16.0 71.00 NOTE
r-release-windows-x86_64 0.16.0 66.00 156.00 222.00 NOTE
r-oldrel-macos-arm64 0.16.0 68.00 NOTE
r-oldrel-macos-x86_64 0.16.0 193.00 NOTE
r-oldrel-windows-x86_64 0.16.0 78.00 170.00 248.00 NOTE

Check Details

Version: 0.16.0
Check: compiled code
Result: NOTE File ‘stringfish/libs/stringfish.so’: Found non-API calls to R: ‘LEVELS’, ‘STDVEC_DATAPTR’ Compiled code should not call non-API entry points in R. See ‘Writing portable packages’ in the ‘Writing R Extensions’ manual, and section ‘Moving into C API compliance’ for issues with the use of non-API entry points. Flavors: r-devel-linux-x86_64-debian-clang, r-devel-linux-x86_64-debian-gcc, r-devel-linux-x86_64-fedora-clang, r-devel-linux-x86_64-fedora-gcc, r-devel-macos-arm64, r-devel-macos-x86_64

Version: 0.16.0
Check: compiled code
Result: NOTE File 'stringfish/libs/x64/stringfish.dll': Found non-API calls to R: 'LEVELS', 'STDVEC_DATAPTR' Compiled code should not call non-API entry points in R. See 'Writing portable packages' in the 'Writing R Extensions' manual, and section 'Moving into C API compliance' for issues with the use of non-API entry points. Flavor: r-devel-windows-x86_64

Version: 0.16.0
Check: for GNU extensions in Makefiles
Result: NOTE GNU make is a SystemRequirements. Flavors: r-patched-linux-x86_64, r-release-linux-x86_64, r-release-macos-arm64, r-release-macos-x86_64, r-release-windows-x86_64, r-oldrel-macos-arm64, r-oldrel-macos-x86_64, r-oldrel-windows-x86_64

These binaries (installable software) and packages are in development.
They may not be fully stable and should be used with caution. We make no claims about them.