CRAN Package Check Results for Package stringi

Last updated on 2025-02-16 08:51:02 CET.

Flavor Version Tinstall Tcheck Ttotal Status Flags
r-devel-linux-x86_64-debian-clang 1.8.4 138.37 58.18 196.55 NOTE
r-devel-linux-x86_64-debian-gcc 1.8.4 90.21 41.56 131.77 NOTE
r-devel-linux-x86_64-fedora-clang 1.8.4 473.96 NOTE
r-devel-linux-x86_64-fedora-gcc 1.8.4 374.21 NOTE
r-devel-macos-arm64 1.8.4 82.00 NOTE
r-devel-macos-x86_64 1.8.4 123.00 NOTE
r-devel-windows-x86_64 1.8.4 801.00 148.00 949.00 NOTE
r-patched-linux-x86_64 1.8.4 123.40 53.88 177.28 OK
r-release-linux-x86_64 1.8.4 119.37 54.75 174.12 OK
r-release-macos-arm64 1.8.4 80.00 NOTE
r-release-macos-x86_64 1.8.4 92.00 NOTE
r-release-windows-x86_64 1.8.4 589.00 156.00 745.00 NOTE
r-oldrel-macos-arm64 1.8.4 111.00 NOTE
r-oldrel-macos-x86_64 1.8.4 183.00 NOTE
r-oldrel-windows-x86_64 1.8.4 676.00 169.00 845.00 NOTE

Additional issues

rchk

Check Details

Version: 1.8.4
Check: top-level files
Result: NOTE possible bashism in configure.ac line 18 (should be '.', not 'source'): source tarball as suggested by BR) Flavors: r-devel-linux-x86_64-debian-clang, r-devel-linux-x86_64-debian-gcc, r-devel-linux-x86_64-fedora-clang, r-devel-linux-x86_64-fedora-gcc

Version: 1.8.4
Check: compiled code
Result: NOTE File ‘stringi/libs/stringi.so’: Found non-API calls to R: ‘LEVELS’, ‘NAMED’ Compiled code should not call non-API entry points in R. See ‘Writing portable packages’ in the ‘Writing R Extensions’ manual, and section ‘Moving into C API compliance’ for issues with the use of non-API entry points. Flavors: r-devel-linux-x86_64-debian-clang, r-devel-linux-x86_64-debian-gcc, r-devel-linux-x86_64-fedora-clang, r-devel-linux-x86_64-fedora-gcc, r-devel-macos-arm64, r-devel-macos-x86_64

Version: 1.8.4
Check: compiled code
Result: NOTE File 'stringi/libs/x64/stringi.dll': Found non-API calls to R: 'LEVELS', 'NAMED' Compiled code should not call non-API entry points in R. See 'Writing portable packages' in the 'Writing R Extensions' manual, and section 'Moving into C API compliance' for issues with the use of non-API entry points. Flavor: r-devel-windows-x86_64

Version: 1.8.4
Check: installed package size
Result: NOTE installed size is 34.7Mb sub-directories of 1Mb or more: libs 33.8Mb Flavors: r-release-macos-arm64, r-release-macos-x86_64, r-release-windows-x86_64, r-oldrel-macos-arm64, r-oldrel-macos-x86_64, r-oldrel-windows-x86_64

These binaries (installable software) and packages are in development.
They may not be fully stable and should be used with caution. We make no claims about them.