Last updated on 2025-07-25 19:49:56 CEST.
Flavor | Version | Tinstall | Tcheck | Ttotal | Status | Flags |
---|---|---|---|---|---|---|
r-devel-linux-x86_64-debian-clang | 1.8.7 | 123.81 | 66.04 | 189.85 | OK | |
r-devel-linux-x86_64-debian-gcc | 1.8.7 | 85.01 | 47.39 | 132.40 | OK | |
r-devel-linux-x86_64-fedora-clang | 1.8.7 | 444.92 | OK | |||
r-devel-linux-x86_64-fedora-gcc | 1.8.7 | 313.74 | OK | |||
r-devel-windows-x86_64 | 1.8.7 | 907.00 | 160.00 | 1067.00 | OK | |
r-patched-linux-x86_64 | 1.8.7 | 130.09 | 61.81 | 191.90 | OK | |
r-release-linux-x86_64 | 1.8.7 | 106.96 | 62.09 | 169.05 | OK | |
r-release-macos-arm64 | 1.8.7 | 95.00 | OK | |||
r-release-macos-x86_64 | 1.8.7 | 130.00 | OK | |||
r-release-windows-x86_64 | 1.8.7 | 898.00 | 172.00 | 1070.00 | OK | |
r-oldrel-macos-arm64 | 1.8.7 | 107.00 | NOTE | |||
r-oldrel-macos-x86_64 | 1.8.7 | 160.00 | NOTE | |||
r-oldrel-windows-x86_64 | 1.8.7 | 607.00 | 169.00 | 776.00 | NOTE |
Version: 1.8.7
Check: installed package size
Result: NOTE
installed size is 34.7Mb
sub-directories of 1Mb or more:
libs 33.9Mb
Flavors: r-oldrel-macos-arm64, r-oldrel-macos-x86_64, r-oldrel-windows-x86_64
These binaries (installable software) and packages are in development.
They may not be fully stable and should be used with caution. We make no claims about them.