Last updated on 2025-07-19 15:51:27 CEST.
Flavor | Version | Tinstall | Tcheck | Ttotal | Status | Flags |
---|---|---|---|---|---|---|
r-devel-linux-x86_64-debian-clang | 1.2.0 | 30.02 | 85.03 | 115.05 | OK | |
r-devel-linux-x86_64-debian-gcc | 1.2.0 | 23.13 | 61.87 | 85.00 | OK | |
r-devel-linux-x86_64-fedora-clang | 1.2.0 | 185.76 | OK | |||
r-devel-linux-x86_64-fedora-gcc | 1.2.0 | 194.71 | OK | |||
r-devel-windows-x86_64 | 1.2.0 | 35.00 | 126.00 | 161.00 | OK | |
r-patched-linux-x86_64 | 1.2.0 | 34.77 | 77.51 | 112.28 | OK | |
r-release-linux-x86_64 | 1.2.0 | 32.79 | 76.56 | 109.35 | OK | |
r-release-macos-arm64 | 1.2.0 | 89.00 | OK | |||
r-release-macos-x86_64 | 1.2.0 | 123.00 | OK | |||
r-release-windows-x86_64 | 1.2.0 | 39.00 | 128.00 | 167.00 | OK | |
r-oldrel-macos-arm64 | 1.2.0 | 82.00 | NOTE | |||
r-oldrel-macos-x86_64 | 1.2.0 | 119.00 | NOTE | |||
r-oldrel-windows-x86_64 | 1.2.0 | 40.00 | 154.00 | 194.00 | NOTE |
Version: 1.2.0
Check: installed package size
Result: NOTE
installed size is 10.0Mb
sub-directories of 1Mb or more:
doc 7.2Mb
libs 2.0Mb
Flavors: r-oldrel-macos-arm64, r-oldrel-macos-x86_64, r-oldrel-windows-x86_64
These binaries (installable software) and packages are in development.
They may not be fully stable and should be used with caution. We make no claims about them.