CRAN Package Check Results for Package strip

Last updated on 2025-11-13 05:51:09 CET.

Flavor Version Tinstall Tcheck Ttotal Status Flags
r-devel-linux-x86_64-debian-clang 1.0.0 2.14 36.52 38.66 OK
r-devel-linux-x86_64-debian-gcc 1.0.0 1.40 28.10 29.50 OK
r-devel-linux-x86_64-fedora-clang 1.0.0 54.04 OK
r-devel-linux-x86_64-fedora-gcc 1.0.0 51.32 OK
r-devel-windows-x86_64 1.0.0 3.00 50.00 53.00 OK
r-patched-linux-x86_64 1.0.0 2.27 33.12 35.39 OK
r-release-linux-x86_64 1.0.0 1.50 33.42 34.92 OK
r-release-macos-arm64 1.0.0 1.00 21.00 22.00 OK
r-release-macos-x86_64 1.0.0 2.00 35.00 37.00 OK
r-release-windows-x86_64 1.0.0 4.00 51.00 55.00 OK
r-oldrel-macos-arm64 1.0.0 1.00 21.00 22.00 NOTE
r-oldrel-macos-x86_64 1.0.0 2.00 29.00 31.00 NOTE
r-oldrel-windows-x86_64 1.0.0 5.00 60.00 65.00 NOTE

Check Details

Version: 1.0.0
Check: LazyData
Result: NOTE 'LazyData' is specified without a 'data' directory Flavors: r-oldrel-macos-arm64, r-oldrel-macos-x86_64, r-oldrel-windows-x86_64

These binaries (installable software) and packages are in development.
They may not be fully stable and should be used with caution. We make no claims about them.