CRAN Package Check Results for Package stripless

Last updated on 2025-02-23 01:51:55 CET.

Flavor Version Tinstall Tcheck Ttotal Status Flags
r-devel-linux-x86_64-debian-clang 1.0-3 2.84 62.49 65.33 OK
r-devel-linux-x86_64-debian-gcc 1.0-3 1.97 46.11 48.08 OK
r-devel-linux-x86_64-fedora-clang 1.0-3 113.02 OK
r-devel-linux-x86_64-fedora-gcc 1.0-3 114.88 OK
r-devel-macos-arm64 1.0-3 37.00 OK
r-devel-macos-x86_64 1.0-3 69.00 OK
r-devel-windows-x86_64 1.0-3 4.00 76.00 80.00 OK
r-patched-linux-x86_64 1.0-3 2.59 61.29 63.88 NOTE
r-release-linux-x86_64 1.0-3 2.41 62.20 64.61 NOTE
r-release-macos-arm64 1.0-3 36.00 NOTE
r-release-macos-x86_64 1.0-3 56.00 NOTE
r-release-windows-x86_64 1.0-3 4.00 74.00 78.00 NOTE
r-oldrel-macos-arm64 1.0-3 40.00 NOTE
r-oldrel-macos-x86_64 1.0-3 65.00 NOTE
r-oldrel-windows-x86_64 1.0-3 5.00 90.00 95.00 NOTE

Check Details

Version: 1.0-3
Check: LazyData
Result: NOTE 'LazyData' is specified without a 'data' directory Flavors: r-patched-linux-x86_64, r-release-linux-x86_64, r-release-macos-arm64, r-release-macos-x86_64, r-release-windows-x86_64, r-oldrel-macos-arm64, r-oldrel-macos-x86_64, r-oldrel-windows-x86_64

These binaries (installable software) and packages are in development.
They may not be fully stable and should be used with caution. We make no claims about them.