CRAN Package Check Results for Package stripless

Last updated on 2025-07-21 03:50:40 CEST.

Flavor Version Tinstall Tcheck Ttotal Status Flags
r-devel-linux-x86_64-debian-clang 1.0-3 2.50 62.87 65.37 NOTE
r-devel-linux-x86_64-debian-gcc 1.0-3 2.02 45.17 47.19 NOTE
r-devel-linux-x86_64-fedora-clang 1.0-3 98.19 OK
r-devel-linux-x86_64-fedora-gcc 1.0-3 113.15 OK
r-devel-windows-x86_64 1.0-3 3.00 75.00 78.00 OK
r-patched-linux-x86_64 1.0-3 3.00 60.72 63.72 OK
r-release-linux-x86_64 1.0-3 2.62 61.07 63.69 OK
r-release-macos-arm64 1.0-3 43.00 OK
r-release-macos-x86_64 1.0-3 70.00 OK
r-release-windows-x86_64 1.0-3 5.00 78.00 83.00 OK
r-oldrel-macos-arm64 1.0-3 36.00 NOTE
r-oldrel-macos-x86_64 1.0-3 56.00 NOTE
r-oldrel-windows-x86_64 1.0-3 5.00 98.00 103.00 NOTE

Check Details

Version: 1.0-3
Check: CRAN incoming feasibility
Result: NOTE Maintainer: ‘Bert Gunter <bgunter@comcast.net>’ Found the following \keyword or \concept entries which likely give several index terms: File ‘strucplot.Rd’: \concept{ structured plots,structured trellis plot [TRUNCATED] Flavors: r-devel-linux-x86_64-debian-clang, r-devel-linux-x86_64-debian-gcc

Version: 1.0-3
Check: LazyData
Result: NOTE 'LazyData' is specified without a 'data' directory Flavors: r-oldrel-macos-arm64, r-oldrel-macos-x86_64, r-oldrel-windows-x86_64

These binaries (installable software) and packages are in development.
They may not be fully stable and should be used with caution. We make no claims about them.