Last updated on 2025-05-01 08:52:47 CEST.
Flavor | Version | Tinstall | Tcheck | Ttotal | Status | Flags |
---|---|---|---|---|---|---|
r-devel-linux-x86_64-debian-clang | 1.5-4 | 8.81 | 64.37 | 73.18 | NOTE | |
r-devel-linux-x86_64-debian-gcc | 1.5-4 | 5.98 | 45.66 | 51.64 | NOTE | |
r-devel-linux-x86_64-fedora-clang | 1.5-4 | 118.36 | NOTE | |||
r-devel-linux-x86_64-fedora-gcc | 1.5-4 | 122.42 | NOTE | |||
r-devel-windows-x86_64 | 1.5-4 | 12.00 | 114.00 | 126.00 | NOTE | |
r-patched-linux-x86_64 | 1.5-4 | 10.47 | 60.33 | 70.80 | NOTE | |
r-release-linux-x86_64 | NOTE | |||||
r-release-macos-arm64 | 1.5-4 | 44.00 | NOTE | |||
r-release-macos-x86_64 | 1.5-4 | 85.00 | NOTE | |||
r-release-windows-x86_64 | 1.5-4 | 14.00 | 110.00 | 124.00 | NOTE | |
r-oldrel-macos-arm64 | 1.5-4 | 43.00 | NOTE | |||
r-oldrel-macos-x86_64 | 1.5-4 | 140.00 | NOTE | |||
r-oldrel-windows-x86_64 | 1.5-4 | 15.00 | 118.00 | 133.00 | NOTE |
Version: 1.5-4
Check: R code for possible problems
Result: NOTE
efpFunctional: multiple local function definitions for ‘plotProcess’
with different formal arguments
mefp.efp: multiple local function definitions for ‘computeEmpProc’ with
different formal arguments
Flavors: r-devel-linux-x86_64-debian-clang, r-devel-linux-x86_64-debian-gcc, r-devel-linux-x86_64-fedora-clang, r-devel-linux-x86_64-fedora-gcc, r-devel-windows-x86_64, r-patched-linux-x86_64, r-release-linux-x86_64, r-release-macos-arm64, r-release-macos-x86_64, r-release-windows-x86_64, r-oldrel-macos-arm64, r-oldrel-macos-x86_64, r-oldrel-windows-x86_64
These binaries (installable software) and packages are in development.
They may not be fully stable and should be used with caution. We make no claims about them.