CRAN Package Check Results for Package strucchange

Last updated on 2025-11-13 15:51:27 CET.

Flavor Version Tinstall Tcheck Ttotal Status Flags
r-devel-linux-x86_64-debian-clang 1.5-4 9.05 68.16 77.21 NOTE
r-devel-linux-x86_64-debian-gcc 1.5-4 6.03 47.72 53.75 NOTE
r-devel-linux-x86_64-fedora-clang 1.5-4 18.00 96.64 114.64 NOTE
r-devel-linux-x86_64-fedora-gcc 1.5-4 20.00 101.30 121.30 NOTE
r-devel-windows-x86_64 1.5-4 12.00 107.00 119.00 NOTE
r-patched-linux-x86_64 1.5-4 8.76 63.49 72.25 NOTE
r-release-linux-x86_64 1.5-4 7.56 64.64 72.20 NOTE
r-release-macos-arm64 1.5-4 5.00 39.00 44.00 NOTE
r-release-macos-x86_64 1.5-4 10.00 75.00 85.00 NOTE
r-release-windows-x86_64 1.5-4 13.00 107.00 120.00 NOTE
r-oldrel-macos-arm64 1.5-4 5.00 38.00 43.00 NOTE
r-oldrel-macos-x86_64 1.5-4 14.00 126.00 140.00 NOTE
r-oldrel-windows-x86_64 1.5-4 18.00 121.00 139.00 NOTE

Check Details

Version: 1.5-4
Check: R code for possible problems
Result: NOTE efpFunctional: multiple local function definitions for ‘plotProcess’ with different formal arguments mefp.efp: multiple local function definitions for ‘computeEmpProc’ with different formal arguments Flavors: r-devel-linux-x86_64-debian-clang, r-devel-linux-x86_64-debian-gcc, r-devel-linux-x86_64-fedora-clang, r-devel-linux-x86_64-fedora-gcc, r-devel-windows-x86_64, r-patched-linux-x86_64, r-release-linux-x86_64, r-release-macos-arm64, r-release-macos-x86_64, r-release-windows-x86_64, r-oldrel-macos-arm64, r-oldrel-macos-x86_64, r-oldrel-windows-x86_64

These binaries (installable software) and packages are in development.
They may not be fully stable and should be used with caution. We make no claims about them.