Last updated on 2025-02-16 08:51:02 CET.
Flavor | Version | Tinstall | Tcheck | Ttotal | Status | Flags |
---|---|---|---|---|---|---|
r-devel-linux-x86_64-debian-clang | 1.5-4-1.0.0 | 67.83 | 66.91 | 134.74 | OK | |
r-devel-linux-x86_64-debian-gcc | 1.5-4-1.0.0 | 50.38 | 47.65 | 98.03 | OK | |
r-devel-linux-x86_64-fedora-clang | 1.5-4-1.0.0 | 246.90 | OK | |||
r-devel-linux-x86_64-fedora-gcc | 1.5-4-1.0.0 | 264.76 | OK | |||
r-devel-macos-arm64 | 1.5-4-1.0.0 | 62.00 | OK | |||
r-devel-macos-x86_64 | 1.5-4-1.0.0 | 135.00 | OK | |||
r-devel-windows-x86_64 | 1.5-4-1.0.0 | 72.00 | 131.00 | 203.00 | OK | |
r-patched-linux-x86_64 | 1.5-4-1.0.0 | 68.55 | 62.26 | 130.81 | OK | |
r-release-linux-x86_64 | 1.5-4-1.0.0 | 64.70 | 62.71 | 127.41 | OK | |
r-release-macos-arm64 | 1.5-4-1.0.0 | 66.00 | NOTE | |||
r-release-macos-x86_64 | 1.5-4-1.0.0 | 117.00 | NOTE | |||
r-release-windows-x86_64 | 1.5-4-1.0.0 | 74.00 | 125.00 | 199.00 | OK | |
r-oldrel-macos-arm64 | 1.5-4-1.0.0 | 76.00 | NOTE | |||
r-oldrel-macos-x86_64 | 1.5-4-1.0.0 | 117.00 | NOTE | |||
r-oldrel-windows-x86_64 | 1.5-4-1.0.0 | 91.00 | 170.00 | 261.00 | OK |
Version: 1.5-4-1.0.0
Check: installed package size
Result: NOTE
installed size is 5.3Mb
sub-directories of 1Mb or more:
libs 4.2Mb
Flavors: r-release-macos-arm64, r-release-macos-x86_64, r-oldrel-macos-arm64, r-oldrel-macos-x86_64
These binaries (installable software) and packages are in development.
They may not be fully stable and should be used with caution. We make no claims about them.