Last updated on 2025-05-08 04:52:20 CEST.
Flavor | Version | Tinstall | Tcheck | Ttotal | Status | Flags |
---|---|---|---|---|---|---|
r-devel-linux-x86_64-debian-clang | 1.5-4-1.0.0 | 69.40 | 67.91 | 137.31 | OK | |
r-devel-linux-x86_64-debian-gcc | 1.5-4-1.0.0 | 50.17 | 48.84 | 99.01 | OK | |
r-devel-linux-x86_64-fedora-clang | 1.5-4-1.0.0 | 253.55 | OK | |||
r-devel-linux-x86_64-fedora-gcc | 1.5-4-1.0.0 | 261.63 | OK | |||
r-devel-windows-x86_64 | 1.5-4-1.0.0 | 80.00 | 132.00 | 212.00 | OK | |
r-patched-linux-x86_64 | 1.5-4-1.0.0 | 71.75 | 65.16 | 136.91 | OK | |
r-release-linux-x86_64 | 1.5-4-1.0.0 | 70.63 | 64.27 | 134.90 | OK | |
r-release-macos-arm64 | 1.5-4-1.0.0 | 73.00 | OK | |||
r-release-macos-x86_64 | 1.5-4-1.0.0 | 139.00 | OK | |||
r-release-windows-x86_64 | 1.5-4-1.0.0 | 84.00 | 131.00 | 215.00 | OK | |
r-oldrel-macos-arm64 | 1.5-4-1.0.0 | 66.00 | NOTE | |||
r-oldrel-macos-x86_64 | 1.5-4-1.0.0 | 117.00 | NOTE | |||
r-oldrel-windows-x86_64 | 1.5-4-1.0.0 | 95.00 | 145.00 | 240.00 | OK |
Version: 1.5-4-1.0.0
Check: installed package size
Result: NOTE
installed size is 5.3Mb
sub-directories of 1Mb or more:
libs 4.2Mb
Flavors: r-oldrel-macos-arm64, r-oldrel-macos-x86_64
These binaries (installable software) and packages are in development.
They may not be fully stable and should be used with caution. We make no claims about them.