CRAN Package Check Results for Package strvalidator

Last updated on 2025-02-16 08:51:02 CET.

Flavor Version Tinstall Tcheck Ttotal Status Flags
r-devel-linux-x86_64-debian-clang 2.4.1 68.73 367.43 436.16 NOTE
r-devel-linux-x86_64-debian-gcc 2.4.1 46.85 247.89 294.74 NOTE
r-devel-linux-x86_64-fedora-clang 2.4.1 722.23 NOTE
r-devel-linux-x86_64-fedora-gcc 2.4.1 663.92 NOTE
r-devel-macos-arm64 2.4.1 372.00 NOTE
r-devel-macos-x86_64 2.4.1 335.00 NOTE
r-devel-windows-x86_64 2.4.1 47.00 299.00 346.00 NOTE
r-patched-linux-x86_64 2.4.1 69.91 339.60 409.51 NOTE
r-release-linux-x86_64 2.4.1 67.79 335.22 403.01 NOTE
r-release-macos-arm64 2.4.1 308.00 NOTE
r-release-macos-x86_64 2.4.1 271.00 NOTE
r-release-windows-x86_64 2.4.1 49.00 289.00 338.00 NOTE
r-oldrel-macos-arm64 2.4.1 123.00 OK
r-oldrel-macos-x86_64 2.4.1 348.00 OK
r-oldrel-windows-x86_64 2.4.1 66.00 323.00 389.00 OK

Check Details

Version: 2.4.1
Check: Rd files
Result: NOTE checkRd: (-1) calculateStatistics.Rd:22: Lost braces; missing escapes or markup? 22 | \item{quant}{numeric quantile to calculate {0,1}, default 0.95.} | ^ Flavors: r-devel-linux-x86_64-debian-clang, r-devel-linux-x86_64-debian-gcc, r-devel-linux-x86_64-fedora-clang, r-devel-linux-x86_64-fedora-gcc, r-devel-macos-arm64, r-devel-macos-x86_64, r-devel-windows-x86_64, r-patched-linux-x86_64, r-release-linux-x86_64, r-release-macos-arm64, r-release-macos-x86_64, r-release-windows-x86_64

Version: 2.4.1
Check: Rd cross-references
Result: NOTE Found the following Rd file(s) with Rd \link{} targets missing package anchors: calculateAllele.Rd: data.table calculateSpike.Rd: data.table combine_gui.Rd: rbind.fill editData_gui.Rd: gdf, gtable ggsave_gui.Rd: ggsave plotDistribution_gui.Rd: geom_density plotGroups_gui.Rd: stat_ecdf Please provide package anchors for all Rd \link{} targets not in the package itself and the base packages. Flavors: r-devel-linux-x86_64-debian-clang, r-devel-linux-x86_64-debian-gcc, r-devel-windows-x86_64

These binaries (installable software) and packages are in development.
They may not be fully stable and should be used with caution. We make no claims about them.