Last updated on 2024-07-27 15:50:35 CEST.
Flavor | Version | Tinstall | Tcheck | Ttotal | Status | Flags |
---|---|---|---|---|---|---|
r-devel-linux-x86_64-debian-clang | 0.10.2 | 10.90 | 97.68 | 108.58 | OK | |
r-devel-linux-x86_64-debian-gcc | 0.10.2 | OK | ||||
r-devel-linux-x86_64-fedora-clang | 0.10.2 | 128.90 | NOTE | |||
r-devel-linux-x86_64-fedora-gcc | 0.10.2 | 116.08 | NOTE | |||
r-devel-windows-x86_64 | 0.10.2 | 8.00 | 83.00 | 91.00 | OK | |
r-patched-linux-x86_64 | 0.10.2 | OK | ||||
r-release-linux-x86_64 | 0.10.2 | 6.77 | 92.57 | 99.34 | OK | |
r-release-macos-arm64 | 0.10.2 | 36.00 | OK | |||
r-release-macos-x86_64 | 0.10.2 | 53.00 | OK | |||
r-release-windows-x86_64 | 0.10.2 | 8.00 | 84.00 | 92.00 | OK | |
r-oldrel-macos-arm64 | 0.10.2 | 38.00 | OK | |||
r-oldrel-macos-x86_64 | 0.10.2 | 88.00 | OK | |||
r-oldrel-windows-x86_64 | 0.10.2 | 10.00 | 102.00 | 112.00 | OK |
Version: 0.10.2
Check: data for non-ASCII characters
Result: NOTE
Note: found 83 marked UTF-8 strings
Flavors: r-devel-linux-x86_64-fedora-clang, r-devel-linux-x86_64-fedora-gcc
These binaries (installable software) and packages are in development.
They may not be fully stable and should be used with caution. We make no claims about them.