CRAN Package Check Results for Package studyStrap

Last updated on 2025-11-11 15:50:49 CET.

Flavor Version Tinstall Tcheck Ttotal Status Flags
r-devel-linux-x86_64-debian-clang 1.0.0 20.05 165.62 185.67 NOTE
r-devel-linux-x86_64-debian-gcc 1.0.0 13.36 115.37 128.73 NOTE
r-devel-linux-x86_64-fedora-clang 1.0.0 41.00 244.89 285.89 NOTE
r-devel-linux-x86_64-fedora-gcc 1.0.0 38.00 241.94 279.94 NOTE
r-devel-windows-x86_64 1.0.0 21.00 155.00 176.00 NOTE
r-patched-linux-x86_64 1.0.0 20.03 160.46 180.49 NOTE
r-release-linux-x86_64 1.0.0 17.86 159.17 177.03 NOTE
r-release-macos-arm64 1.0.0 9.00 65.00 74.00 NOTE
r-release-macos-x86_64 1.0.0 15.00 130.00 145.00 NOTE
r-release-windows-x86_64 1.0.0 20.00 157.00 177.00 NOTE
r-oldrel-macos-arm64 1.0.0 7.00 60.00 67.00 NOTE
r-oldrel-macos-x86_64 1.0.0 11.00 101.00 112.00 NOTE
r-oldrel-windows-x86_64 1.0.0 28.00 201.00 229.00 NOTE

Check Details

Version: 1.0.0
Check: Rd files
Result: NOTE checkRd: (-1) cmss.Rd:21: Lost braces 21 | \item{sim.fn}{Optional function to be used as similarity measure for accept/reject step. Default function is: |cor( bar{x}^{(r)}|,~ bar{x}_{target} ) |} | ^ checkRd: (-1) cmss.Rd:21: Lost braces; missing escapes or markup? 21 | \item{sim.fn}{Optional function to be used as similarity measure for accept/reject step. Default function is: |cor( bar{x}^{(r)}|,~ bar{x}_{target} ) |} | ^ checkRd: (-1) cmss.Rd:21: Lost braces 21 | \item{sim.fn}{Optional function to be used as similarity measure for accept/reject step. Default function is: |cor( bar{x}^{(r)}|,~ bar{x}_{target} ) |} | ^ checkRd: (-1) cmss.Rd:21: Lost braces; missing escapes or markup? 21 | \item{sim.fn}{Optional function to be used as similarity measure for accept/reject step. Default function is: |cor( bar{x}^{(r)}|,~ bar{x}_{target} ) |} | ^ Flavors: r-devel-linux-x86_64-debian-clang, r-devel-linux-x86_64-debian-gcc, r-devel-linux-x86_64-fedora-clang, r-devel-linux-x86_64-fedora-gcc, r-devel-windows-x86_64, r-patched-linux-x86_64, r-release-linux-x86_64, r-release-macos-arm64, r-release-macos-x86_64, r-release-windows-x86_64, r-oldrel-macos-arm64, r-oldrel-macos-x86_64, r-oldrel-windows-x86_64

Version: 1.0.0
Check: dependencies in R code
Result: NOTE Namespaces in Imports field not imported from: ‘pls’ ‘tibble’ All declared Imports should be used. Flavors: r-devel-linux-x86_64-fedora-clang, r-devel-linux-x86_64-fedora-gcc

Version: 1.0.0
Check: LazyData
Result: NOTE 'LazyData' is specified without a 'data' directory Flavors: r-oldrel-macos-arm64, r-oldrel-macos-x86_64, r-oldrel-windows-x86_64

These binaries (installable software) and packages are in development.
They may not be fully stable and should be used with caution. We make no claims about them.