Last updated on 2025-07-26 01:51:06 CEST.
Flavor | Version | Tinstall | Tcheck | Ttotal | Status | Flags |
---|---|---|---|---|---|---|
r-devel-linux-x86_64-debian-clang | 0.1.0 | 13.73 | 235.53 | 249.26 | OK | |
r-devel-linux-x86_64-debian-gcc | 0.1.0 | 9.67 | 167.90 | 177.57 | OK | |
r-devel-linux-x86_64-fedora-clang | 0.1.0 | 372.31 | OK | |||
r-devel-linux-x86_64-fedora-gcc | 0.1.0 | 391.80 | OK | |||
r-devel-windows-x86_64 | 0.1.0 | 15.00 | 245.00 | 260.00 | OK | |
r-patched-linux-x86_64 | 0.1.0 | 14.11 | 226.30 | 240.41 | OK | |
r-release-linux-x86_64 | 0.1.0 | 13.56 | 227.11 | 240.67 | OK | |
r-release-macos-arm64 | 0.1.0 | 125.00 | OK | |||
r-release-macos-x86_64 | 0.1.0 | 244.00 | OK | |||
r-release-windows-x86_64 | 0.1.0 | 16.00 | 250.00 | 266.00 | OK | |
r-oldrel-macos-arm64 | 0.1.0 | 107.00 | OK | |||
r-oldrel-macos-x86_64 | 0.1.0 | 171.00 | NOTE | |||
r-oldrel-windows-x86_64 | 0.1.0 | 20.00 | 319.00 | 339.00 | OK |
Version: 0.1.0
Check: installed package size
Result: NOTE
installed size is 5.1Mb
sub-directories of 1Mb or more:
data 3.1Mb
doc 1.3Mb
Flavor: r-oldrel-macos-x86_64
These binaries (installable software) and packages are in development.
They may not be fully stable and should be used with caution. We make no claims about them.