Last updated on 2024-07-27 15:50:35 CEST.
Flavor | Version | Tinstall | Tcheck | Ttotal | Status | Flags |
---|---|---|---|---|---|---|
r-devel-linux-x86_64-debian-clang | 0.1 | 7.95 | 95.26 | 103.21 | OK | |
r-devel-linux-x86_64-debian-gcc | 0.1 | OK | ||||
r-devel-linux-x86_64-fedora-clang | 0.1 | 130.84 | NOTE | |||
r-devel-linux-x86_64-fedora-gcc | 0.1 | 133.39 | NOTE | |||
r-devel-windows-x86_64 | 0.1 | 7.00 | 86.00 | 93.00 | OK | |
r-patched-linux-x86_64 | 0.1 | OK | ||||
r-release-linux-x86_64 | 0.1 | 5.19 | 94.27 | 99.46 | OK | |
r-release-macos-arm64 | 0.1 | 44.00 | OK | |||
r-release-macos-x86_64 | 0.1 | 74.00 | OK | |||
r-release-windows-x86_64 | 0.1 | 7.00 | 86.00 | 93.00 | OK | |
r-oldrel-macos-arm64 | 0.1 | 49.00 | OK | |||
r-oldrel-macos-x86_64 | 0.1 | 108.00 | OK | |||
r-oldrel-windows-x86_64 | 0.1 | 10.00 | 106.00 | 116.00 | OK |
Version: 0.1
Check: data for non-ASCII characters
Result: NOTE
Note: found 7 marked UTF-8 strings
Flavors: r-devel-linux-x86_64-fedora-clang, r-devel-linux-x86_64-fedora-gcc
These binaries (installable software) and packages are in development.
They may not be fully stable and should be used with caution. We make no claims about them.