Last updated on 2025-05-01 15:49:46 CEST.
Flavor | Version | Tinstall | Tcheck | Ttotal | Status | Flags |
---|---|---|---|---|---|---|
r-devel-linux-x86_64-debian-clang | 1.2 | 1.89 | 21.15 | 23.04 | NOTE | |
r-devel-linux-x86_64-debian-gcc | 1.2 | 1.68 | 16.64 | 18.32 | NOTE | |
r-devel-linux-x86_64-fedora-clang | 1.2 | 36.28 | NOTE | |||
r-devel-linux-x86_64-fedora-gcc | 1.2 | 34.05 | NOTE | |||
r-devel-windows-x86_64 | 1.2 | 4.00 | 44.00 | 48.00 | NOTE | |
r-patched-linux-x86_64 | 1.2 | 2.00 | 20.30 | 22.30 | NOTE | |
r-release-linux-x86_64 | NOTE | |||||
r-release-macos-arm64 | 1.2 | 16.00 | NOTE | |||
r-release-macos-x86_64 | 1.2 | 25.00 | NOTE | |||
r-release-windows-x86_64 | 1.2 | 5.00 | 48.00 | 53.00 | NOTE | |
r-oldrel-macos-arm64 | 1.2 | 15.00 | NOTE | |||
r-oldrel-macos-x86_64 | 1.2 | 22.00 | NOTE | |||
r-oldrel-windows-x86_64 | 1.2 | 2.00 | 41.00 | 43.00 | NOTE |
Version: 1.2
Check: CRAN incoming feasibility
Result: NOTE
Maintainer: ‘Shannon T. Holloway <shannon.t.holloway@gmail.com>’
No Authors@R field in DESCRIPTION.
Please add one, modifying
Authors@R: c(person(given = "Ailin",
family = "Fan",
role = "aut"),
person(given = c("Shannon", "T."),
family = "Holloway",
role = c("aut", "cre"),
email = "shannon.t.holloway@gmail.com"))
as necessary.
Flavors: r-devel-linux-x86_64-debian-clang, r-devel-linux-x86_64-debian-gcc
Version: 1.2
Check: Rd files
Result: NOTE
checkRd: (-1) subdetect-package.Rd:11: Lost braces in \itemize; meant \describe ?
checkRd: (-1) subdetect-package.Rd:12: Lost braces in \itemize; meant \describe ?
Flavors: r-devel-linux-x86_64-debian-clang, r-devel-linux-x86_64-debian-gcc, r-devel-linux-x86_64-fedora-clang, r-devel-linux-x86_64-fedora-gcc, r-devel-windows-x86_64, r-patched-linux-x86_64, r-release-linux-x86_64, r-release-macos-arm64, r-release-macos-x86_64, r-release-windows-x86_64, r-oldrel-macos-arm64, r-oldrel-macos-x86_64, r-oldrel-windows-x86_64
These binaries (installable software) and packages are in development.
They may not be fully stable and should be used with caution. We make no claims about them.