CRAN Package Check Results for Package subformula

Last updated on 2025-02-16 08:51:02 CET.

Flavor Version Tinstall Tcheck Ttotal Status Flags
r-devel-linux-x86_64-debian-clang 0.1.0 1.53 19.86 21.39 OK
r-devel-linux-x86_64-debian-gcc 0.1.0 1.37 16.37 17.74 OK
r-devel-linux-x86_64-fedora-clang 0.1.0 36.55 OK
r-devel-linux-x86_64-fedora-gcc 0.1.0 48.31 OK
r-devel-macos-arm64 0.1.0 20.00 OK
r-devel-macos-x86_64 0.1.0 36.00 OK
r-devel-windows-x86_64 0.1.0 2.00 41.00 43.00 OK
r-patched-linux-x86_64 0.1.0 1.57 19.02 20.59 NOTE
r-release-linux-x86_64 0.1.0 1.62 19.24 20.86 NOTE
r-release-macos-arm64 0.1.0 21.00 NOTE
r-release-macos-x86_64 0.1.0 30.00 NOTE
r-release-windows-x86_64 0.1.0 3.00 43.00 46.00 NOTE
r-oldrel-macos-arm64 0.1.0 21.00 NOTE
r-oldrel-macos-x86_64 0.1.0 30.00 NOTE
r-oldrel-windows-x86_64 0.1.0 4.00 42.00 46.00 NOTE

Check Details

Version: 0.1.0
Check: LazyData
Result: NOTE 'LazyData' is specified without a 'data' directory Flavors: r-patched-linux-x86_64, r-release-linux-x86_64, r-release-macos-arm64, r-release-macos-x86_64, r-release-windows-x86_64, r-oldrel-macos-arm64, r-oldrel-macos-x86_64, r-oldrel-windows-x86_64

These binaries (installable software) and packages are in development.
They may not be fully stable and should be used with caution. We make no claims about them.