CRAN Package Check Results for Package subformula

Last updated on 2025-11-13 15:51:27 CET.

Flavor Version Tinstall Tcheck Ttotal Status Flags
r-devel-linux-x86_64-debian-clang 0.1.0 1.67 23.23 24.90 OK
r-devel-linux-x86_64-debian-gcc 0.1.0 1.40 19.05 20.45 OK
r-devel-linux-x86_64-fedora-clang 0.1.0 36.22 OK
r-devel-linux-x86_64-fedora-gcc 0.1.0 48.45 OK
r-devel-windows-x86_64 0.1.0 2.00 40.00 42.00 OK
r-patched-linux-x86_64 0.1.0 1.81 20.74 22.55 OK
r-release-linux-x86_64 0.1.0 1.69 20.61 22.30 OK
r-release-macos-arm64 0.1.0 1.00 29.00 30.00 OK
r-release-macos-x86_64 0.1.0 2.00 37.00 39.00 OK
r-release-windows-x86_64 0.1.0 2.00 40.00 42.00 OK
r-oldrel-macos-arm64 0.1.0 1.00 20.00 21.00 NOTE
r-oldrel-macos-x86_64 0.1.0 1.00 29.00 30.00 NOTE
r-oldrel-windows-x86_64 0.1.0 4.00 46.00 50.00 NOTE

Check Details

Version: 0.1.0
Check: LazyData
Result: NOTE 'LazyData' is specified without a 'data' directory Flavors: r-oldrel-macos-arm64, r-oldrel-macos-x86_64, r-oldrel-windows-x86_64

These binaries (installable software) and packages are in development.
They may not be fully stable and should be used with caution. We make no claims about them.