Last updated on 2025-05-22 03:50:52 CEST.
Flavor | Version | Tinstall | Tcheck | Ttotal | Status | Flags |
---|---|---|---|---|---|---|
r-devel-linux-x86_64-debian-clang | 1.0.4 | 7.53 | 64.99 | 72.52 | NOTE | |
r-devel-linux-x86_64-debian-gcc | 1.0.4 | 4.99 | 47.01 | 52.00 | NOTE | |
r-devel-linux-x86_64-fedora-clang | 1.0.4 | 116.87 | NOTE | |||
r-devel-linux-x86_64-fedora-gcc | 1.0.4 | 108.94 | NOTE | |||
r-devel-windows-x86_64 | 1.0.4 | 9.00 | 92.00 | 101.00 | NOTE | |
r-patched-linux-x86_64 | 1.0.4 | 6.79 | 60.74 | 67.53 | NOTE | |
r-release-linux-x86_64 | 1.0.4 | 6.19 | 61.60 | 67.79 | NOTE | |
r-release-macos-arm64 | 1.0.4 | 37.00 | NOTE | |||
r-release-macos-x86_64 | 1.0.4 | 57.00 | NOTE | |||
r-release-windows-x86_64 | 1.0.4 | 10.00 | 106.00 | 116.00 | NOTE | |
r-oldrel-macos-arm64 | 1.0.4 | 36.00 | NOTE | |||
r-oldrel-macos-x86_64 | 1.0.4 | 51.00 | NOTE | |||
r-oldrel-windows-x86_64 | 1.0.4 | 10.00 | 91.00 | 101.00 | NOTE |
Version: 1.0.4
Check: Rd files
Result: NOTE
checkRd: (-1) P3C.Rd:18: Lost braces; missing escapes or markup?
18 | used for this will be 1.00*10^{-PoissonThreshold}.}
| ^
Flavors: r-devel-linux-x86_64-debian-clang, r-devel-linux-x86_64-debian-gcc, r-devel-linux-x86_64-fedora-clang, r-devel-linux-x86_64-fedora-gcc, r-devel-windows-x86_64, r-patched-linux-x86_64, r-release-linux-x86_64, r-release-macos-arm64, r-release-macos-x86_64, r-release-windows-x86_64, r-oldrel-macos-arm64, r-oldrel-macos-x86_64, r-oldrel-windows-x86_64
Version: 1.0.4
Check: Rd cross-references
Result: NOTE
Found the following Rd file(s) with Rd \link{} targets missing package
anchors:
subspace.Rd: ggvis
Please provide package anchors for all Rd \link{} targets not in the
package itself and the base packages.
Flavors: r-devel-linux-x86_64-debian-clang, r-devel-linux-x86_64-debian-gcc, r-devel-windows-x86_64, r-patched-linux-x86_64, r-release-linux-x86_64, r-release-windows-x86_64
These binaries (installable software) and packages are in development.
They may not be fully stable and should be used with caution. We make no claims about them.