CRAN Package Check Results for Package sudachir

Last updated on 2025-10-03 13:49:49 CEST.

Flavor Version Tinstall Tcheck Ttotal Status Flags
r-devel-linux-x86_64-debian-clang 0.1.0 1.79 26.08 27.87 OK
r-devel-linux-x86_64-debian-gcc 0.1.0 1.36 21.48 22.84 OK
r-devel-linux-x86_64-fedora-clang 0.1.0 41.42 NOTE
r-devel-linux-x86_64-fedora-gcc 0.1.0 38.13 NOTE
r-devel-windows-x86_64 0.1.0 4.00 75.00 79.00 OK
r-patched-linux-x86_64 0.1.0 1.76 23.58 25.34 OK
r-release-linux-x86_64 0.1.0 1.50 23.40 24.90 OK
r-release-macos-arm64 0.1.0 20.00 OK
r-release-macos-x86_64 0.1.0 28.00 OK
r-release-windows-x86_64 0.1.0 4.00 59.00 63.00 OK
r-oldrel-macos-arm64 0.1.0 17.00 NOTE
r-oldrel-macos-x86_64 0.1.0 25.00 NOTE
r-oldrel-windows-x86_64 0.1.0 5.00 60.00 65.00 NOTE

Check Details

Version: 0.1.0
Check: dependencies in R code
Result: NOTE Namespace in Imports field not imported from: ‘tidyselect’ All declared Imports should be used. Flavors: r-devel-linux-x86_64-fedora-clang, r-devel-linux-x86_64-fedora-gcc

Version: 0.1.0
Check: LazyData
Result: NOTE 'LazyData' is specified without a 'data' directory Flavors: r-oldrel-macos-arm64, r-oldrel-macos-x86_64, r-oldrel-windows-x86_64

These binaries (installable software) and packages are in development.
They may not be fully stable and should be used with caution. We make no claims about them.