CRAN Package Check Results for Package sugarglider

Last updated on 2025-02-16 08:51:02 CET.

Flavor Version Tinstall Tcheck Ttotal Status Flags
r-devel-linux-x86_64-debian-clang 1.0.3 5.86 69.94 75.80 NOTE
r-devel-linux-x86_64-debian-gcc 1.0.3 4.21 51.50 55.71 NOTE
r-devel-linux-x86_64-fedora-clang 1.0.3 130.22 NOTE
r-devel-linux-x86_64-fedora-gcc 1.0.3 127.66 NOTE
r-devel-macos-arm64 1.0.3 47.00 OK
r-devel-macos-x86_64 1.0.3 83.00 NOTE
r-devel-windows-x86_64 1.0.3 8.00 95.00 103.00 NOTE
r-patched-linux-x86_64 1.0.3 5.46 67.66 73.12 OK
r-release-linux-x86_64 1.0.3 4.74 67.57 72.31 OK
r-release-macos-arm64 1.0.3 44.00 OK
r-release-macos-x86_64 1.0.3 76.00 OK
r-release-windows-x86_64 1.0.3 7.00 86.00 93.00 OK
r-oldrel-macos-arm64 1.0.3 46.00 OK
r-oldrel-macos-x86_64 1.0.3 79.00 OK
r-oldrel-windows-x86_64 1.0.3 8.00 94.00 102.00 OK

Check Details

Version: 1.0.3
Check: DESCRIPTION meta-information
Result: NOTE Missing dependency on R >= 4.1.0 because package code uses the pipe |> or function shorthand \(...) syntax added in R 4.1.0. File(s) using such syntax: ‘geom_glyph_ribbon.R’ Flavors: r-devel-linux-x86_64-debian-clang, r-devel-linux-x86_64-debian-gcc, r-devel-linux-x86_64-fedora-clang, r-devel-linux-x86_64-fedora-gcc, r-devel-macos-x86_64, r-devel-windows-x86_64

These binaries (installable software) and packages are in development.
They may not be fully stable and should be used with caution. We make no claims about them.