CRAN Package Check Results for Package summariser

Last updated on 2025-02-16 08:51:02 CET.

Flavor Version Tinstall Tcheck Ttotal Status Flags
r-devel-linux-x86_64-debian-clang 2.3.0 1.62 19.73 21.35 OK
r-devel-linux-x86_64-debian-gcc 2.3.0 1.36 15.62 16.98 OK
r-devel-linux-x86_64-fedora-clang 2.3.0 34.99 OK
r-devel-linux-x86_64-fedora-gcc 2.3.0 32.51 OK
r-devel-macos-arm64 2.3.0 17.00 OK
r-devel-macos-x86_64 2.3.0 26.00 OK
r-devel-windows-x86_64 2.3.0 3.00 48.00 51.00 OK
r-patched-linux-x86_64 2.3.0 1.44 18.78 20.22 NOTE
r-release-linux-x86_64 2.3.0 1.38 18.72 20.10 NOTE
r-release-macos-arm64 2.3.0 15.00 NOTE
r-release-macos-x86_64 2.3.0 22.00 NOTE
r-release-windows-x86_64 2.3.0 3.00 51.00 54.00 NOTE
r-oldrel-macos-arm64 2.3.0 18.00 NOTE
r-oldrel-macos-x86_64 2.3.0 22.00 NOTE
r-oldrel-windows-x86_64 2.3.0 4.00 41.00 45.00 NOTE

Check Details

Version: 2.3.0
Check: LazyData
Result: NOTE 'LazyData' is specified without a 'data' directory Flavors: r-patched-linux-x86_64, r-release-linux-x86_64, r-release-macos-arm64, r-release-macos-x86_64, r-release-windows-x86_64, r-oldrel-macos-arm64, r-oldrel-macos-x86_64, r-oldrel-windows-x86_64

These binaries (installable software) and packages are in development.
They may not be fully stable and should be used with caution. We make no claims about them.