Last updated on 2025-02-16 08:51:02 CET.
Flavor | Version | Tinstall | Tcheck | Ttotal | Status | Flags |
---|---|---|---|---|---|---|
r-devel-linux-x86_64-debian-clang | 0.1.6.2 | 102.75 | 34.94 | 137.69 | OK | |
r-devel-linux-x86_64-debian-gcc | 0.1.6.2 | 88.88 | 28.08 | 116.96 | OK | |
r-devel-linux-x86_64-fedora-clang | 0.1.6.2 | 251.78 | OK | |||
r-devel-linux-x86_64-fedora-gcc | 0.1.6.2 | 310.24 | OK | |||
r-devel-macos-arm64 | 0.1.6.2 | 84.00 | OK | |||
r-devel-macos-x86_64 | 0.1.6.2 | 171.00 | OK | |||
r-devel-windows-x86_64 | 0.1.6.2 | 264.00 | 75.00 | 339.00 | OK | |
r-patched-linux-x86_64 | 0.1.6.2 | 110.46 | 33.03 | 143.49 | OK | |
r-release-linux-x86_64 | 0.1.6.2 | 109.60 | 33.36 | 142.96 | OK | |
r-release-macos-arm64 | 0.1.6.2 | 79.00 | NOTE | |||
r-release-macos-x86_64 | 0.1.6.2 | 216.00 | NOTE | |||
r-release-windows-x86_64 | 0.1.6.2 | 285.00 | 79.00 | 364.00 | NOTE | |
r-oldrel-macos-arm64 | 0.1.6.2 | 76.00 | NOTE | |||
r-oldrel-macos-x86_64 | 0.1.6.2 | 171.00 | NOTE | |||
r-oldrel-windows-x86_64 | 0.1.6.2 | 328.00 | 88.00 | 416.00 | NOTE |
Version: 0.1.6.2
Check: installed package size
Result: NOTE
installed size is 14.9Mb
sub-directories of 1Mb or more:
lib 9.9Mb
libs 3.9Mb
Flavors: r-release-macos-arm64, r-release-macos-x86_64, r-release-windows-x86_64, r-oldrel-macos-arm64, r-oldrel-macos-x86_64, r-oldrel-windows-x86_64
These binaries (installable software) and packages are in development.
They may not be fully stable and should be used with caution. We make no claims about them.