Last updated on 2024-07-27 15:50:35 CEST.
Flavor | Version | Tinstall | Tcheck | Ttotal | Status | Flags |
---|---|---|---|---|---|---|
r-devel-linux-x86_64-debian-clang | 0.1.4.2 | 86.74 | 45.93 | 132.67 | NOTE | |
r-devel-linux-x86_64-debian-gcc | 0.1.4.2 | NOTE | ||||
r-devel-linux-x86_64-fedora-clang | 0.1.4.2 | 220.62 | NOTE | |||
r-devel-linux-x86_64-fedora-gcc | 0.1.4.2 | 203.81 | NOTE | |||
r-devel-windows-x86_64 | 0.1.4.2 | 84.00 | 78.00 | 162.00 | NOTE | |
r-patched-linux-x86_64 | 0.1.4.2 | NOTE | ||||
r-release-linux-x86_64 | 0.1.4.2 | 72.82 | 43.20 | 116.02 | NOTE | |
r-release-macos-arm64 | 0.1.4.2 | 83.00 | NOTE | |||
r-release-macos-x86_64 | 0.1.4.2 | 127.00 | NOTE | |||
r-release-windows-x86_64 | 0.1.4.2 | 92.00 | 78.00 | 170.00 | NOTE | |
r-oldrel-macos-arm64 | 0.1.4.2 | 66.00 | NOTE | |||
r-oldrel-macos-x86_64 | 0.1.4.2 | 99.00 | NOTE | |||
r-oldrel-windows-x86_64 | 0.1.4.2 | 92.00 | 94.00 | 186.00 | NOTE |
Version: 0.1.4.2
Check: for GNU extensions in Makefiles
Result: NOTE
GNU make is a SystemRequirements.
Flavors: r-devel-linux-x86_64-debian-clang, r-devel-linux-x86_64-debian-gcc, r-devel-linux-x86_64-fedora-clang, r-devel-linux-x86_64-fedora-gcc, r-devel-windows-x86_64, r-patched-linux-x86_64, r-release-linux-x86_64, r-release-macos-arm64, r-release-macos-x86_64, r-release-windows-x86_64, r-oldrel-macos-arm64, r-oldrel-macos-x86_64, r-oldrel-windows-x86_64
Version: 0.1.4.2
Check: installed package size
Result: NOTE
installed size is 7.5Mb
sub-directories of 1Mb or more:
libs 3.7Mb
Flavors: r-release-macos-arm64, r-release-macos-x86_64, r-oldrel-macos-arm64, r-oldrel-macos-x86_64
These binaries (installable software) and packages are in development.
They may not be fully stable and should be used with caution. We make no claims about them.