CRAN Package Check Results for Package superMICE

Last updated on 2025-02-16 08:51:02 CET.

Flavor Version Tinstall Tcheck Ttotal Status Flags
r-devel-linux-x86_64-debian-clang 1.1.1 10.74 84.13 94.87 NOTE
r-devel-linux-x86_64-debian-gcc 1.1.1 7.46 56.67 64.13 NOTE
r-devel-linux-x86_64-fedora-clang 1.1.1 153.92 OK
r-devel-linux-x86_64-fedora-gcc 1.1.1 136.19 OK
r-devel-macos-arm64 1.1.1 41.00 OK
r-devel-macos-x86_64 1.1.1 73.00 OK
r-devel-windows-x86_64 1.1.1 12.00 97.00 109.00 NOTE
r-patched-linux-x86_64 1.1.1 15.28 76.01 91.29 NOTE
r-release-linux-x86_64 1.1.1 9.96 75.71 85.67 NOTE
r-release-macos-arm64 1.1.1 41.00 NOTE
r-release-macos-x86_64 1.1.1 60.00 NOTE
r-release-windows-x86_64 1.1.1 11.00 95.00 106.00 NOTE
r-oldrel-macos-arm64 1.1.1 25.00 NOTE
r-oldrel-macos-x86_64 1.1.1 37.00 NOTE
r-oldrel-windows-x86_64 1.1.1 16.00 107.00 123.00 NOTE

Check Details

Version: 1.1.1
Check: Rd cross-references
Result: NOTE Found the following Rd file(s) with Rd \link{} targets missing package anchors: mice.impute.SuperLearner.Rd: SuperLearner Please provide package anchors for all Rd \link{} targets not in the package itself and the base packages. Flavors: r-devel-linux-x86_64-debian-clang, r-devel-linux-x86_64-debian-gcc, r-devel-windows-x86_64

Version: 1.1.1
Check: package dependencies
Result: NOTE Package suggested but not available for checking: ‘extraTrees’ Flavors: r-patched-linux-x86_64, r-release-linux-x86_64, r-release-macos-arm64, r-release-macos-x86_64, r-release-windows-x86_64, r-oldrel-macos-arm64, r-oldrel-windows-x86_64

Version: 1.1.1
Check: package dependencies
Result: NOTE Packages suggested but not available for checking: 'arm', 'bartMachine', 'extraTrees', 'party', 'xgboost' Flavor: r-oldrel-macos-x86_64

These binaries (installable software) and packages are in development.
They may not be fully stable and should be used with caution. We make no claims about them.